{"id":46166,"date":"2024-01-25T17:03:22","date_gmt":"2024-01-25T22:03:22","guid":{"rendered":"https:\/\/maisonmallet.com\/?post_type=event&#038;p=46166"},"modified":"2024-02-03T21:09:33","modified_gmt":"2024-02-04T02:09:33","slug":"jean-pierre-claude-vincent","status":"publish","type":"event","link":"https:\/\/maisonmallet.com\/back05_01\/?event=jean-pierre-claude-vincent","title":{"rendered":"JEAN-PIERRE, Claude-Vincent"},"content":{"rendered":"<p>Le Complexe Thanatologique Mallet &amp; fils a le regret de vous annoncer le d\u00e9c\u00e8s de<\/p>\n<p>Claude-Vincent Jean-Pierre<\/p>\n<p>1964 &#8211; 2024<\/p>\n<p>&nbsp;<\/p>\n<p>\u00c0 Sept-\u00celes, le 25 janvier 2024, est d\u00e9c\u00e9d\u00e9 \u00e0 l\u2019\u00e2ge de 59 ans, monsieur Claude-Vincent Jean-Pierre fils de feu Jean-Baptiste Jean-Pierre et de feu Agn\u00e8s Pilot domicili\u00e9 \u00e0 Uashat.<\/p>\n<p>Les fun\u00e9railles de monsieur Claude-Vincent Jean-Pierre auront lieu le mercredi 31 janvier 2024 \u00e0 13 h en l\u2019\u00e9glise Kateri Tekakwitha, situ\u00e9e au 1035, avenue De Quen \u00e0 Uashat et de l\u00e0 au cimeti\u00e8re de Uashat.<\/p>\n<p>La famille re\u00e7oit parents et amis le mardi 30 janvier 2024 de 13 h \u00e0 22 h, le mercredi 31 janvier 2024 jour des fun\u00e9railles \u00e0 compter de 10 h \u00e0 l\u2019\u00e9glise Kateri Tekakwitha, situ\u00e9e au 1035, avenue De Quen \u00e0 Uashat.<\/p>\n<p>Il laisse dans le deuil ses s\u0153urs\u00a0: Marie, Alice, Carmen (Marcelin Bellefleur), Doroth\u00e9e (Rocky Thomas), Nathalie (St\u00e9phane Dominique) et Saulnia (Omer St-Onge), son fr\u00e8re Jean-Fran\u00e7ois Gabriel ainsi que ses neveux, ses ni\u00e8ces, ses cousins, ses cousines et de nombreux ami(e)s.<\/p>\n<p>La famille a confi\u00e9 la direction des fun\u00e9railles aux services professionnels de la Maison Mallet &amp; fils du 585, Boul. Laure \u00e0 Sept-\u00celes, maintenant reconnue Distinction et membre de la Corporation des Thanatologues du Qu\u00e9bec.<\/p>\n<p>Vous pouvez consulter cet avis de d\u00e9c\u00e8s sur le <a href=\"https:\/\/maisonmallet.com\">www.maisonmallet.com<\/a><\/p>\n<p>Ceux et celles qui le d\u00e9sirent, peuvent y envoyer des messages de condol\u00e9ances.<\/p>\n<p>&nbsp;<\/p>\n<hr \/>\n<p>Envoyer vos condol\u00e9ances<\/p>\n<p>[contact-form to=\u00a0\u00bbcath.jphotmail.com\u00a0\u00bb subject =\u00a0\u00bbCondol\u00e9ances Claude-Vincent Jean-Pierre\u00a0\u00bb][contact-field label=\u00a0\u00bbVotre nom\u00a0\u00bb type=\u00a0\u00bbname\u00a0\u00bb required=\u00a0\u00bb1&Prime;][contact-field label=\u00a0\u00bbVotre courriel\u00a0\u00bb type=\u00a0\u00bbemail\u00a0\u00bb required=\u00a0\u00bb1&Prime;][contact-field label=\u00a0\u00bbCondol\u00e9ances\u00a0\u00bb type=\u00a0\u00bbtextarea\u00a0\u00bb][\/contact-form]<\/p>\n","protected":false},"featured_media":46189,"template":"","event_cat":[6],"class_list":["post-46166","event","type-event","status-publish","has-post-thumbnail","hentry","event_cat-maison-mallet-et-fils-inc"],"_links":{"self":[{"href":"https:\/\/maisonmallet.com\/back05_01\/index.php?rest_route=\/wp\/v2\/event\/46166","targetHints":{"allow":["GET"]}}],"collection":[{"href":"https:\/\/maisonmallet.com\/back05_01\/index.php?rest_route=\/wp\/v2\/event"}],"about":[{"href":"https:\/\/maisonmallet.com\/back05_01\/index.php?rest_route=\/wp\/v2\/types\/event"}],"wp:featuredmedia":[{"embeddable":true,"href":"https:\/\/maisonmallet.com\/back05_01\/index.php?rest_route=\/wp\/v2\/media\/46189"}],"wp:attachment":[{"href":"https:\/\/maisonmallet.com\/back05_01\/index.php?rest_route=%2Fwp%2Fv2%2Fmedia&parent=46166"}],"wp:term":[{"taxonomy":"event_cat","embeddable":true,"href":"https:\/\/maisonmallet.com\/back05_01\/index.php?rest_route=%2Fwp%2Fv2%2Fevent_cat&post=46166"}],"curies":[{"name":"wp","href":"https:\/\/api.w.org\/{rel}","templated":true}]}}

<p>Le Complexe Thanatologique Mallet &amp; fils a le regret de vous annoncer le décès de</p>
<p>Claude-Vincent Jean-Pierre</p>
<p>1964 &#8211; 2024</p>
<p>&nbsp;</p>
<p>À Sept-Îles, le 25 janvier 2024, est décédé à l’âge de 59 ans, monsieur Claude-Vincent Jean-Pierre fils de feu Jean-Baptiste Jean-Pierre et de feu Agnès Pilot domicilié à Uashat.</p>
<p>Les funérailles de monsieur Claude-Vincent Jean-Pierre auront lieu le mercredi 31 janvier 2024 à 13 h en l’église Kateri Tekakwitha, située au 1035, avenue De Quen à Uashat et de là au cimetière de Uashat.</p>
<p>La famille reçoit parents et amis le mardi 30 janvier 2024 de 13 h à 22 h, le mercredi 31 janvier 2024 jour des funérailles à compter de 10 h à l’église Kateri Tekakwitha, située au 1035, avenue De Quen à Uashat.</p>
<p>Il laisse dans le deuil ses sœurs : Marie, Alice, Carmen (Marcelin Bellefleur), Dorothée (Rocky Thomas), Nathalie (Stéphane Dominique) et Saulnia (Omer St-Onge), son frère Jean-François Gabriel ainsi que ses neveux, ses nièces, ses cousins, ses cousines et de nombreux ami(e)s.</p>
<p>La famille a confié la direction des funérailles aux services professionnels de la Maison Mallet &amp; fils du 585, Boul. Laure à Sept-Îles, maintenant reconnue Distinction et membre de la Corporation des Thanatologues du Québec.</p>
<p>Vous pouvez consulter cet avis de décès sur le <a href="https://maisonmallet.com">www.maisonmallet.com</a></p>
<p>Ceux et celles qui le désirent, peuvent y envoyer des messages de condoléances.</p>
<p>&nbsp;</p>
<hr />
<p>Envoyer vos condoléances</p>
<p>[contact-form to= »cath.jphotmail.com » subject = »Condoléances Claude-Vincent Jean-Pierre »][contact-field label= »Votre nom » type= »name » required= »1&Prime;][contact-field label= »Votre courriel » type= »email » required= »1&Prime;][contact-field label= »Condoléances » type= »textarea »][/contact-form]</p>
