{"id":46688,"date":"2024-02-09T16:52:17","date_gmt":"2024-02-09T21:52:17","guid":{"rendered":"https:\/\/maisonmallet.com\/?post_type=event&#038;p=46688"},"modified":"2024-07-01T11:46:10","modified_gmt":"2024-07-01T15:46:10","slug":"ross-lazare","status":"publish","type":"event","link":"https:\/\/maisonmallet.com\/back05_01\/?event=ross-lazare","title":{"rendered":"ROSS, Lazare"},"content":{"rendered":"<p>Le Complexe Thanatologique Mallet &amp; fils a le regret de vous annoncer le d\u00e9c\u00e8s de<\/p>\n<p>Lazare Ross<\/p>\n<p>1935 \u2013 2024<\/p>\n<p>&nbsp;<\/p>\n<p>\u00c0 Sept-\u00celes, le 9 f\u00e9vrier 2024, est d\u00e9c\u00e9d\u00e9 \u00e0 l\u2019\u00e2ge de 88 ans, monsieur Lazare Ross \u00e9poux de feu Nicole Perreault et domicili\u00e9 \u00e0 Sept-\u00celes.<\/p>\n<p>Les fun\u00e9railles de monsieur Lazare Ross auront lieu, le lundi 19 f\u00e9vrier 2024 \u00e0 14 h en l\u2019\u00e9glise Marie-Immacul\u00e9e situ\u00e9e au 180, rue Papineau \u00e0 Sept-\u00celes.<\/p>\n<p>Selon ses volont\u00e9s, il a \u00e9t\u00e9 confi\u00e9 au cr\u00e9matorium de la Maison Mallet &amp; fils pour cr\u00e9mation.<\/p>\n<p>La famille re\u00e7oit parents et amis le dimanche 18 f\u00e9vrier 2024 de 13 h \u00e0 16 h et de 19 h \u00e0 21 h. Le lundi 19 f\u00e9vrier 2024 jour des fun\u00e9railles, \u00e0 compter de 12 h 30 au Complexe Thanatologique Mallet &amp; fils du 585, boul. Laure \u00e0 Sept-\u00celes.<\/p>\n<p>Il laisse dans le deuil\u00a0ses enfants\u00a0: Guy, Louise (Martin Simard), Michel (Jennifer Lavall\u00e9e) et H\u00e9l\u00e8ne (J\u00e9r\u00f4me Vigneault), ses petits-enfants\u00a0: Alexandra (Jaa), Gabriel (Mallery), Antoine (Ang\u00e9lie), Maxence, Simon-Olivier, Victor (Clo\u00e9) et Juliette, ses arri\u00e8re-petites-filles : Nya et Lennie, ses fr\u00e8res\u00a0: G\u00e9rard et Charles-Andr\u00e9 (Nicole) ainsi que ses beaux-fr\u00e8res, ses belles-s\u0153urs, ses neveux, ses ni\u00e8ces, ses cousins, ses cousines et de nombreux ami(e)s.<\/p>\n<p>Vos marques de sympathie peuvent se traduire par un don \u00e0 La fondation r\u00e9gionale h\u00f4pital Sept-\u00celes <a href=\"http:\/\/www.fondationsept-iles.qc.ca\">www.fondationsept-iles.qc.ca<\/a><\/p>\n<p>La famille a confi\u00e9 la direction des fun\u00e9railles aux services professionnels de la Maison Mallet &amp; fils du 585, boul. Laure \u00e0 Sept-\u00celes, maintenant reconnue Distinction et membre de la Corporation des Thanatologues du Qu\u00e9bec.<\/p>\n<p>Vous pouvez consulter cet avis de d\u00e9c\u00e8s sur le <a href=\"https:\/\/maisonmallet.com\">www.maisonmallet.com<\/a><\/p>\n<p>Ceux et celles qui le d\u00e9sirent, peuvent y envoyer des messages de sympathies.<\/p>\n<p>&nbsp;<\/p>\n<hr \/>\n<p>Envoyer vos condol\u00e9ances<\/p>\n<p>[contact-form to=\u00a0\u00bbhross24@hotmail.com\u00a0\u00bb subject=\u00a0\u00bbCondol\u00e9ances Lazare Ross\u00a0\u00bb][contact-field label=\u00a0\u00bbVotre nom\u00a0\u00bb type=\u00a0\u00bbname\u00a0\u00bb required=\u00a0\u00bb1&Prime;][contact-field label=\u00a0\u00bbVotre courriel\u00a0\u00bb type=\u00a0\u00bbemail\u00a0\u00bb required=\u00a0\u00bb1&Prime;][contact-field label=\u00a0\u00bbCondol\u00e9ances\u00a0\u00bb type=\u00a0\u00bbtextarea\u00a0\u00bb][\/contact-form]<\/p>\n","protected":false},"featured_media":46710,"template":"","event_cat":[6],"class_list":["post-46688","event","type-event","status-publish","has-post-thumbnail","hentry","event_cat-maison-mallet-et-fils-inc"],"_links":{"self":[{"href":"https:\/\/maisonmallet.com\/back05_01\/index.php?rest_route=\/wp\/v2\/event\/46688","targetHints":{"allow":["GET"]}}],"collection":[{"href":"https:\/\/maisonmallet.com\/back05_01\/index.php?rest_route=\/wp\/v2\/event"}],"about":[{"href":"https:\/\/maisonmallet.com\/back05_01\/index.php?rest_route=\/wp\/v2\/types\/event"}],"wp:featuredmedia":[{"embeddable":true,"href":"https:\/\/maisonmallet.com\/back05_01\/index.php?rest_route=\/wp\/v2\/media\/46710"}],"wp:attachment":[{"href":"https:\/\/maisonmallet.com\/back05_01\/index.php?rest_route=%2Fwp%2Fv2%2Fmedia&parent=46688"}],"wp:term":[{"taxonomy":"event_cat","embeddable":true,"href":"https:\/\/maisonmallet.com\/back05_01\/index.php?rest_route=%2Fwp%2Fv2%2Fevent_cat&post=46688"}],"curies":[{"name":"wp","href":"https:\/\/api.w.org\/{rel}","templated":true}]}}

<p>Le Complexe Thanatologique Mallet &amp; fils a le regret de vous annoncer le décès de</p>
<p>Lazare Ross</p>
<p>1935 – 2024</p>
<p>&nbsp;</p>
<p>À Sept-Îles, le 9 février 2024, est décédé à l’âge de 88 ans, monsieur Lazare Ross époux de feu Nicole Perreault et domicilié à Sept-Îles.</p>
<p>Les funérailles de monsieur Lazare Ross auront lieu, le lundi 19 février 2024 à 14 h en l’église Marie-Immaculée située au 180, rue Papineau à Sept-Îles.</p>
<p>Selon ses volontés, il a été confié au crématorium de la Maison Mallet &amp; fils pour crémation.</p>
<p>La famille reçoit parents et amis le dimanche 18 février 2024 de 13 h à 16 h et de 19 h à 21 h. Le lundi 19 février 2024 jour des funérailles, à compter de 12 h 30 au Complexe Thanatologique Mallet &amp; fils du 585, boul. Laure à Sept-Îles.</p>
<p>Il laisse dans le deuil ses enfants : Guy, Louise (Martin Simard), Michel (Jennifer Lavallée) et Hélène (Jérôme Vigneault), ses petits-enfants : Alexandra (Jaa), Gabriel (Mallery), Antoine (Angélie), Maxence, Simon-Olivier, Victor (Cloé) et Juliette, ses arrière-petites-filles : Nya et Lennie, ses frères : Gérard et Charles-André (Nicole) ainsi que ses beaux-frères, ses belles-sœurs, ses neveux, ses nièces, ses cousins, ses cousines et de nombreux ami(e)s.</p>
<p>Vos marques de sympathie peuvent se traduire par un don à La fondation régionale hôpital Sept-Îles <a href="http://www.fondationsept-iles.qc.ca">www.fondationsept-iles.qc.ca</a></p>
<p>La famille a confié la direction des funérailles aux services professionnels de la Maison Mallet &amp; fils du 585, boul. Laure à Sept-Îles, maintenant reconnue Distinction et membre de la Corporation des Thanatologues du Québec.</p>
<p>Vous pouvez consulter cet avis de décès sur le <a href="https://maisonmallet.com">www.maisonmallet.com</a></p>
<p>Ceux et celles qui le désirent, peuvent y envoyer des messages de sympathies.</p>
<p>&nbsp;</p>
<hr />
<p>Envoyer vos condoléances</p>
<p>[contact-form to= »hross24@hotmail.com » subject= »Condoléances Lazare Ross »][contact-field label= »Votre nom » type= »name » required= »1&Prime;][contact-field label= »Votre courriel » type= »email » required= »1&Prime;][contact-field label= »Condoléances » type= »textarea »][/contact-form]</p>
