{"id":56583,"date":"2024-10-31T11:35:15","date_gmt":"2024-10-31T15:35:15","guid":{"rendered":"https:\/\/maisonmallet.com\/?post_type=event&#038;p=56583"},"modified":"2024-12-15T18:06:03","modified_gmt":"2024-12-15T23:06:03","slug":"beaudin-nicole","status":"publish","type":"event","link":"https:\/\/maisonmallet.com\/back05_01\/?event=beaudin-nicole","title":{"rendered":"BEAUDIN, Nicole"},"content":{"rendered":"<p>Le Complexe Thanatologique Mallet &amp; fils a le regret de vous annoncer le d\u00e9c\u00e8s de<\/p>\n<p>Nicole Beaudin<\/p>\n<p>1949 \u2013 2024<\/p>\n<p>&nbsp;<\/p>\n<p>\u00c0 Sept-\u00celes (maison \u00c9lyme des sables), le 31 octobre 2024, est d\u00e9c\u00e9d\u00e9e \u00e0 l&rsquo;\u00e2ge de 75 ans, madame Nicole Beaudin \u00e9pouse de feu Yvon Raymond et domicili\u00e9e \u00e0 Sept-\u00celes.<\/p>\n<p>La famille re\u00e7oit parents et amis le samedi 9 novembre 2024 de 13 h \u00e0 16 h au Complexe Thanatologique Mallet &amp; fils du 585 Boul. Laure \u00e0 Sept-\u00celes.<\/p>\n<p>Selon ses volont\u00e9s, elle a \u00e9t\u00e9 confi\u00e9e au cr\u00e9matorium de la Maison Mallet &amp; fils pour cr\u00e9mation.<\/p>\n<p>La c\u00e9r\u00e9monie comm\u00e9morative de madame Nicole Beaudin aura lieu le samedi 9 novembre 2024 \u00e0 15 h \u00e0 la chapelle du Complexe Thanatologique Mallet &amp; fils du 585, boul. Laure \u00e0 Sept-\u00celes. La mise en terre aura lieu le dimanche 10 novembre 2024 \u00e0 11 h au cimeti\u00e8re de Clarke City.<\/p>\n<p>Elle laisse dans le deuil sa fille Chantal Doiron (Daniel Bourque), sa petite-fille M\u00e9lanie Chiasson (Louis-Philippe Myre), son petit-fils Janick Chiasson (Ariel Prevereau), ses arri\u00e8re-petites-filles\u00a0: Livia et Louana, son beau-fr\u00e8re Camille Th\u00e9riault (feu Ginette Beaudin), sa belle-s\u0153ur\u00a0Raymond Veilleux (Georges Monger) ainsi que ses cousins, ses cousines et de nombreux amis.<\/p>\n<p>Vos marques de sympathie peuvent se traduire par un don \u00e0 l\u2019\u00c9lyme des sables <a href=\"http:\/\/www.elymedessables.com\">www.elymedessables.com<\/a><\/p>\n<p>La famille a confi\u00e9 les arrangements aux services professionnels de la Maison Mallet &amp; fils du 585 Boul. Laure \u00e0 Sept-\u00celes, maintenant reconnue Distinction et membre de la Corporation des Thanatologues du Qu\u00e9bec.<\/p>\n<p>Vous pouvez consulter cet avis de d\u00e9c\u00e8s sur le :\u00a0<a href=\"https:\/\/maisonmallet.com\/\">www.maisonmallet.com<\/a><\/p>\n<p>Ceux et celles qui le d\u00e9sirent, peuvent y envoyer des messages de sympathie.<\/p>\n<p>&nbsp;<\/p>\n<hr \/>\n<p>Envoyer vos condol\u00e9ances<\/p>\n<p>[contact-form to=\u00a0\u00bbchantal.doiron@live.ca\u00a0\u00bb subject=\u00a0\u00bbCondol\u00e9ances Nicole Beaudin\u00a0\u00bb][contact-field label=\u00a0\u00bbVotre nom\u00a0\u00bb type=\u00a0\u00bbname\u00a0\u00bb required=\u00a0\u00bb1&Prime;][contact-field label=\u00a0\u00bbVotre courriel\u00a0\u00bb type=\u00a0\u00bbemail\u00a0\u00bb required=\u00a0\u00bb1&Prime;][contact-field label=\u00a0\u00bbCondol\u00e9ances\u00a0\u00bb type=\u00a0\u00bbtextarea\u00a0\u00bb][\/contact-form]<\/p>\n","protected":false},"featured_media":56696,"template":"","event_cat":[6],"class_list":["post-56583","event","type-event","status-publish","has-post-thumbnail","hentry","event_cat-maison-mallet-et-fils-inc"],"_links":{"self":[{"href":"https:\/\/maisonmallet.com\/back05_01\/index.php?rest_route=\/wp\/v2\/event\/56583","targetHints":{"allow":["GET"]}}],"collection":[{"href":"https:\/\/maisonmallet.com\/back05_01\/index.php?rest_route=\/wp\/v2\/event"}],"about":[{"href":"https:\/\/maisonmallet.com\/back05_01\/index.php?rest_route=\/wp\/v2\/types\/event"}],"wp:featuredmedia":[{"embeddable":true,"href":"https:\/\/maisonmallet.com\/back05_01\/index.php?rest_route=\/wp\/v2\/media\/56696"}],"wp:attachment":[{"href":"https:\/\/maisonmallet.com\/back05_01\/index.php?rest_route=%2Fwp%2Fv2%2Fmedia&parent=56583"}],"wp:term":[{"taxonomy":"event_cat","embeddable":true,"href":"https:\/\/maisonmallet.com\/back05_01\/index.php?rest_route=%2Fwp%2Fv2%2Fevent_cat&post=56583"}],"curies":[{"name":"wp","href":"https:\/\/api.w.org\/{rel}","templated":true}]}}

<p>Le Complexe Thanatologique Mallet &amp; fils a le regret de vous annoncer le décès de</p>
<p>Nicole Beaudin</p>
<p>1949 – 2024</p>
<p>&nbsp;</p>
<p>À Sept-Îles (maison Élyme des sables), le 31 octobre 2024, est décédée à l&rsquo;âge de 75 ans, madame Nicole Beaudin épouse de feu Yvon Raymond et domiciliée à Sept-Îles.</p>
<p>La famille reçoit parents et amis le samedi 9 novembre 2024 de 13 h à 16 h au Complexe Thanatologique Mallet &amp; fils du 585 Boul. Laure à Sept-Îles.</p>
<p>Selon ses volontés, elle a été confiée au crématorium de la Maison Mallet &amp; fils pour crémation.</p>
<p>La cérémonie commémorative de madame Nicole Beaudin aura lieu le samedi 9 novembre 2024 à 15 h à la chapelle du Complexe Thanatologique Mallet &amp; fils du 585, boul. Laure à Sept-Îles. La mise en terre aura lieu le dimanche 10 novembre 2024 à 11 h au cimetière de Clarke City.</p>
<p>Elle laisse dans le deuil sa fille Chantal Doiron (Daniel Bourque), sa petite-fille Mélanie Chiasson (Louis-Philippe Myre), son petit-fils Janick Chiasson (Ariel Prevereau), ses arrière-petites-filles : Livia et Louana, son beau-frère Camille Thériault (feu Ginette Beaudin), sa belle-sœur Raymond Veilleux (Georges Monger) ainsi que ses cousins, ses cousines et de nombreux amis.</p>
<p>Vos marques de sympathie peuvent se traduire par un don à l’Élyme des sables <a href="http://www.elymedessables.com">www.elymedessables.com</a></p>
<p>La famille a confié les arrangements aux services professionnels de la Maison Mallet &amp; fils du 585 Boul. Laure à Sept-Îles, maintenant reconnue Distinction et membre de la Corporation des Thanatologues du Québec.</p>
<p>Vous pouvez consulter cet avis de décès sur le : <a href="https://maisonmallet.com/">www.maisonmallet.com</a></p>
<p>Ceux et celles qui le désirent, peuvent y envoyer des messages de sympathie.</p>
<p>&nbsp;</p>
<hr />
<p>Envoyer vos condoléances</p>
<p>[contact-form to= »chantal.doiron@live.ca » subject= »Condoléances Nicole Beaudin »][contact-field label= »Votre nom » type= »name » required= »1&Prime;][contact-field label= »Votre courriel » type= »email » required= »1&Prime;][contact-field label= »Condoléances » type= »textarea »][/contact-form]</p>
