{"id":58039,"date":"2024-11-14T09:27:03","date_gmt":"2024-11-14T14:27:03","guid":{"rendered":"https:\/\/maisonmallet.com\/?post_type=event&#038;p=58039"},"modified":"2024-11-20T14:31:23","modified_gmt":"2024-11-20T19:31:23","slug":"mullen-marei-agathe","status":"publish","type":"event","link":"https:\/\/maisonmallet.com\/back05_01\/?event=mullen-marei-agathe","title":{"rendered":"MULLEN, Marie-Agathe"},"content":{"rendered":"<p>Le Complexe Thanatologique Mallet &#038; fils a le regret de vous annoncer le d\u00e9c\u00e8s de<\/p>\n<p>Marie-Agathe Mullen<br \/>\n1954 \u2013 2024<\/p>\n<p>\u00c0 Havre Saint-Pierre, le 13 novembre 2024, est d\u00e9c\u00e9d\u00e9e l\u2019\u00e2ge de 70 ans, madame Marie-Agathe Mullen fille de feu Etienne Mullen et de feu Marie-Ad\u00e8le Bellefleur domicili\u00e9e \u00e0 La Romaine.<\/p>\n<p>Les fun\u00e9railles de madame Marie-Agathe Mullen auront lieu le lundi 18 novembre 2024 \u00e0 10 h en l\u2019\u00e9glise Marie-Reine-des-Indiens \u00e0 La Romaine et de l\u00e0 au cimeti\u00e8re de l\u2019endroit.<\/p>\n<p>La famille re\u00e7oit parents et amis le vendredi 15 novembre 2024 \u00e0 compter de 15 h au 39, rue Tshakapesh \u00e0 La Romaine.<\/p>\n<p>Elle laisse dans le deuil ses filles : Maie-Jacqueline et Brenda ainsi que ses s\u0153urs : Marie-Jeanne, Monique (Edmond Mark) et Marcelle, ses fr\u00e8res : Sylvestre (Jeanne d\u2019Arc Bellefleur), Joseph (Francine BVellefleur), L\u00e9opold (Johanne Bellefleur), Jeannot, Peteret Garry, ses neveux, ses ni\u00e8ces, ses oncles, ses tantes, ses cousins, ses cousines et de nombreux ami(e)s.<\/p>\n<p>La famille a confi\u00e9 les arrangements aux services professionnels de la Maison Mallet &#038; fils du 585, boul. Laure \u00e0 Sept-\u00celes, maintenant reconnue Distinction et membre de la Corporation des Thanatologues du Qu\u00e9bec.<\/p>\n<p>Vous pouvez consulter cet avis de d\u00e9c\u00e8s, sur le www.maisonmallet.com<\/p>\n<p>Ceux et celles qui le d\u00e9sirent, peuvent y envoyer des messages de sympathie.<\/p>\n<p>[contact-form to=\u00a0\u00bbbrendamullen1988@gmail.com\u00a0\u00bb subject=\u00a0\u00bbCondol\u00e9ances Marie-Agathe Mullen\u00a0\u00bb][contact-field label=\u00a0\u00bbVotre nom\u00a0\u00bb type=\u00a0\u00bbname\u00a0\u00bb required=\u00a0\u00bb1&Prime;][contact-field label=\u00a0\u00bbVotre courriel\u00a0\u00bb type=\u00a0\u00bbemail\u00a0\u00bb required=\u00a0\u00bb1&Prime;][contact-field label=\u00a0\u00bbCondol\u00e9ances\u00a0\u00bb type=\u00a0\u00bbtextarea\u00a0\u00bb][\/contact-form]<\/p>\n","protected":false},"featured_media":58049,"template":"","event_cat":[6],"class_list":["post-58039","event","type-event","status-publish","has-post-thumbnail","hentry","event_cat-maison-mallet-et-fils-inc"],"_links":{"self":[{"href":"https:\/\/maisonmallet.com\/back05_01\/index.php?rest_route=\/wp\/v2\/event\/58039","targetHints":{"allow":["GET"]}}],"collection":[{"href":"https:\/\/maisonmallet.com\/back05_01\/index.php?rest_route=\/wp\/v2\/event"}],"about":[{"href":"https:\/\/maisonmallet.com\/back05_01\/index.php?rest_route=\/wp\/v2\/types\/event"}],"wp:featuredmedia":[{"embeddable":true,"href":"https:\/\/maisonmallet.com\/back05_01\/index.php?rest_route=\/wp\/v2\/media\/58049"}],"wp:attachment":[{"href":"https:\/\/maisonmallet.com\/back05_01\/index.php?rest_route=%2Fwp%2Fv2%2Fmedia&parent=58039"}],"wp:term":[{"taxonomy":"event_cat","embeddable":true,"href":"https:\/\/maisonmallet.com\/back05_01\/index.php?rest_route=%2Fwp%2Fv2%2Fevent_cat&post=58039"}],"curies":[{"name":"wp","href":"https:\/\/api.w.org\/{rel}","templated":true}]}}

<p>Le Complexe Thanatologique Mallet &#038; fils a le regret de vous annoncer le décès de</p>
<p>Marie-Agathe Mullen<br />
1954 – 2024</p>
<p>À Havre Saint-Pierre, le 13 novembre 2024, est décédée l’âge de 70 ans, madame Marie-Agathe Mullen fille de feu Etienne Mullen et de feu Marie-Adèle Bellefleur domiciliée à La Romaine.</p>
<p>Les funérailles de madame Marie-Agathe Mullen auront lieu le lundi 18 novembre 2024 à 10 h en l’église Marie-Reine-des-Indiens à La Romaine et de là au cimetière de l’endroit.</p>
<p>La famille reçoit parents et amis le vendredi 15 novembre 2024 à compter de 15 h au 39, rue Tshakapesh à La Romaine.</p>
<p>Elle laisse dans le deuil ses filles : Maie-Jacqueline et Brenda ainsi que ses sœurs : Marie-Jeanne, Monique (Edmond Mark) et Marcelle, ses frères : Sylvestre (Jeanne d’Arc Bellefleur), Joseph (Francine BVellefleur), Léopold (Johanne Bellefleur), Jeannot, Peteret Garry, ses neveux, ses nièces, ses oncles, ses tantes, ses cousins, ses cousines et de nombreux ami(e)s.</p>
<p>La famille a confié les arrangements aux services professionnels de la Maison Mallet &#038; fils du 585, boul. Laure à Sept-Îles, maintenant reconnue Distinction et membre de la Corporation des Thanatologues du Québec.</p>
<p>Vous pouvez consulter cet avis de décès, sur le www.maisonmallet.com</p>
<p>Ceux et celles qui le désirent, peuvent y envoyer des messages de sympathie.</p>
<p>[contact-form to= »brendamullen1988@gmail.com » subject= »Condoléances Marie-Agathe Mullen »][contact-field label= »Votre nom » type= »name » required= »1&Prime;][contact-field label= »Votre courriel » type= »email » required= »1&Prime;][contact-field label= »Condoléances » type= »textarea »][/contact-form]</p>
