{"id":58679,"date":"2024-12-06T14:43:02","date_gmt":"2024-12-06T19:43:02","guid":{"rendered":"https:\/\/maisonmallet.com\/?post_type=event&#038;p=58679"},"modified":"2025-03-12T22:15:30","modified_gmt":"2025-03-13T02:15:30","slug":"huet-jocelyn","status":"publish","type":"event","link":"https:\/\/maisonmallet.com\/back05_01\/?event=huet-jocelyn","title":{"rendered":"HUET, Jocelyn"},"content":{"rendered":"<p>Le Complexe Thanatologique Mallet &amp; fils a le regret de vous annoncer le d\u00e9c\u00e8s de<\/p>\n<p>Jocelyn Huet<\/p>\n<p>1956 &#8211; 2024<\/p>\n<p>&nbsp;<\/p>\n<p>\u00c0 Port-Cartier, le 6 d\u00e9cembre 2024, est d\u00e9c\u00e9d\u00e9 \u00e0 l\u2019\u00e2ge de 68 ans, monsieur Jocelyn Huet \u00e9poux de madame Ga\u00e9tane Sirois et domicili\u00e9 \u00e0 Port-Cartier.<\/p>\n<p>Selon ses volont\u00e9s, il a \u00e9t\u00e9 confi\u00e9 au cr\u00e9matorium de la Maison Mallet &amp; fils pour cr\u00e9mation.<\/p>\n<p>Il laisse dans le deuil outre son \u00e9pouse madame Ga\u00e9tane Sirois, ses enfants\u00a0: Isabelle (Gino), Val\u00e9rie et Fran\u00e7ois (Charlyne), ses petits-enfants\u00a0: Yan (Carol-Anne), Dominique (Simon), Gabrielle, Pierre-Luc, Ryan, Zackary et Jordan, ses arri\u00e8re-petits-enfants\u00a0: Brianna, Ludovyck et Emma-Rose, ses fr\u00e8res et ses s\u0153urs\u00a0: Gaston (H\u00e9l\u00e8ne), Jocelyne (G\u00e9rard), Johanne et Jacques (Sylvie) ainsi que ses beaux-fr\u00e8res, ses belles-s\u0153urs, ses neveux, ses ni\u00e8ces, ses cousins, ses cousines et de nombreux ami(e)s.<\/p>\n<p>Il \u00e9tait le fr\u00e8re de feu Linda Huet et feu Paul-Ren\u00e9 Huet ainsi que le beau-p\u00e8re de feu Steve Bell.<\/p>\n<p>La famille a confi\u00e9 les arrangements aux services professionnels de la Maison Mallet &amp; fils du 57, route 138 \u00e0 Port-Cartier, maintenant reconnue Distinction et membre de la Corporation des Thanatologues du Qu\u00e9bec.<\/p>\n<p>Vous pouvez consulter cet avis de d\u00e9c\u00e8s, sur le <a href=\"https:\/\/maisonmallet.com\">www.maisonmallet.com<\/a><\/p>\n<p>Ceux et celles qui le d\u00e9sirent, peuvent y envoyer des messages de sympathie.<\/p>\n<p>&nbsp;<\/p>\n<hr \/>\n<p>Envoyer vos condol\u00e9ances<\/p>\n<p>[contact-form to=\u00a0\u00bbgaetanesirois013@gmail.com\u00a0\u00bb subject=\u00a0\u00bbCondol\u00e9ances Jocelyn Huet\u00a0\u00bb][contact-field label=\u00a0\u00bbVotre nom\u00a0\u00bb type=\u00a0\u00bbname\u00a0\u00bb required=\u00a0\u00bb1&Prime;][contact-field label=\u00a0\u00bbVotre courriel\u00a0\u00bb type=\u00a0\u00bbemail\u00a0\u00bb required=\u00a0\u00bb1&Prime;][contact-field label=\u00a0\u00bbCondol\u00e9ances\u00a0\u00bb type=\u00a0\u00bbtextarea\u00a0\u00bb][\/contact-form]<\/p>\n","protected":false},"featured_media":58736,"template":"","event_cat":[6],"class_list":["post-58679","event","type-event","status-publish","has-post-thumbnail","hentry","event_cat-maison-mallet-et-fils-inc"],"_links":{"self":[{"href":"https:\/\/maisonmallet.com\/back05_01\/index.php?rest_route=\/wp\/v2\/event\/58679","targetHints":{"allow":["GET"]}}],"collection":[{"href":"https:\/\/maisonmallet.com\/back05_01\/index.php?rest_route=\/wp\/v2\/event"}],"about":[{"href":"https:\/\/maisonmallet.com\/back05_01\/index.php?rest_route=\/wp\/v2\/types\/event"}],"wp:featuredmedia":[{"embeddable":true,"href":"https:\/\/maisonmallet.com\/back05_01\/index.php?rest_route=\/wp\/v2\/media\/58736"}],"wp:attachment":[{"href":"https:\/\/maisonmallet.com\/back05_01\/index.php?rest_route=%2Fwp%2Fv2%2Fmedia&parent=58679"}],"wp:term":[{"taxonomy":"event_cat","embeddable":true,"href":"https:\/\/maisonmallet.com\/back05_01\/index.php?rest_route=%2Fwp%2Fv2%2Fevent_cat&post=58679"}],"curies":[{"name":"wp","href":"https:\/\/api.w.org\/{rel}","templated":true}]}}

<p>Le Complexe Thanatologique Mallet &amp; fils a le regret de vous annoncer le décès de</p>
<p>Jocelyn Huet</p>
<p>1956 &#8211; 2024</p>
<p>&nbsp;</p>
<p>À Port-Cartier, le 6 décembre 2024, est décédé à l’âge de 68 ans, monsieur Jocelyn Huet époux de madame Gaétane Sirois et domicilié à Port-Cartier.</p>
<p>Selon ses volontés, il a été confié au crématorium de la Maison Mallet &amp; fils pour crémation.</p>
<p>Il laisse dans le deuil outre son épouse madame Gaétane Sirois, ses enfants : Isabelle (Gino), Valérie et François (Charlyne), ses petits-enfants : Yan (Carol-Anne), Dominique (Simon), Gabrielle, Pierre-Luc, Ryan, Zackary et Jordan, ses arrière-petits-enfants : Brianna, Ludovyck et Emma-Rose, ses frères et ses sœurs : Gaston (Hélène), Jocelyne (Gérard), Johanne et Jacques (Sylvie) ainsi que ses beaux-frères, ses belles-sœurs, ses neveux, ses nièces, ses cousins, ses cousines et de nombreux ami(e)s.</p>
<p>Il était le frère de feu Linda Huet et feu Paul-René Huet ainsi que le beau-père de feu Steve Bell.</p>
<p>La famille a confié les arrangements aux services professionnels de la Maison Mallet &amp; fils du 57, route 138 à Port-Cartier, maintenant reconnue Distinction et membre de la Corporation des Thanatologues du Québec.</p>
<p>Vous pouvez consulter cet avis de décès, sur le <a href="https://maisonmallet.com">www.maisonmallet.com</a></p>
<p>Ceux et celles qui le désirent, peuvent y envoyer des messages de sympathie.</p>
<p>&nbsp;</p>
<hr />
<p>Envoyer vos condoléances</p>
<p>[contact-form to= »gaetanesirois013@gmail.com » subject= »Condoléances Jocelyn Huet »][contact-field label= »Votre nom » type= »name » required= »1&Prime;][contact-field label= »Votre courriel » type= »email » required= »1&Prime;][contact-field label= »Condoléances » type= »textarea »][/contact-form]</p>
