{"id":61437,"date":"2025-02-21T16:53:07","date_gmt":"2025-02-21T21:53:07","guid":{"rendered":"https:\/\/maisonmallet.com\/?post_type=event&#038;p=61437"},"modified":"2025-03-12T21:22:39","modified_gmt":"2025-03-13T01:22:39","slug":"ringuette-gerald","status":"publish","type":"event","link":"https:\/\/maisonmallet.com\/back05_01\/?event=ringuette-gerald","title":{"rendered":"RINGUETTE, G\u00e9rald"},"content":{"rendered":"<p>Le Complexe Thanatologique Mallet &amp; fils a le regret de vous annoncer le d\u00e9c\u00e8s de<\/p>\n<p>G\u00e9rald Ringuette<\/p>\n<p>1942 \u2013 2025<\/p>\n<p>&nbsp;<\/p>\n<p>\u00c0 Uashat, le 21 f\u00e9vrier 2025, est d\u00e9c\u00e9d\u00e9 \u00e0 l&rsquo;\u00e2ge de 82 ans, monsieur G\u00e9rald Ringuette \u00e9poux de feu Marie-Marthe C\u00f4t\u00e9 et domicili\u00e9 \u00e0 Uashat.<\/p>\n<p>Selon ses volont\u00e9s, il a \u00e9t\u00e9 confi\u00e9 au cr\u00e9matorium de la Maison Mallet &amp; fils pour cr\u00e9mation.<\/p>\n<p>Il laisse dans le deuil son fils Mo\u00efse (Jos\u00e9e Coulombe), sa fille Nancy, ses petits-fils\u00a0: Maxime (Amanda Roberts) et F\u00e9lix, ses petites-filles\u00a0: Audrey (Jimmy Tapp) et Marion, ses arri\u00e8re-petits-enfants\u00a0: Laurie, Logan et Lauralie ainsi que sa belle-s\u0153ur Nicole, ses neveux, ses ni\u00e8ces, ses cousins, ses cousines et de nombreux ami(e)s.<\/p>\n<p>La famille a confi\u00e9 les arrangements aux services professionnels de la Maison Mallet &amp; fils du 585 boul. Laure \u00e0 Sept-\u00celes, maintenant reconnue Distinction et membre de la Corporation des Thanatologues du Qu\u00e9bec.<\/p>\n<p>Vous pouvez consulter cet avis de d\u00e9c\u00e8s sur le :\u00a0<a href=\"https:\/\/maisonmallet.com\">www.maisonmallet.com<\/a><\/p>\n<p>Ceux et celles qui le d\u00e9sirent, peuvent y envoyer des messages de sympathie.<\/p>\n<p>&nbsp;<\/p>\n<hr \/>\n<p>Envoyer vos condol\u00e9ances<\/p>\n<p>[contact-form to=\u00a0\u00bbringuettenancy@outlook.com\u00a0\u00bb subject=\u00a0\u00bbCondol\u00e9ances G\u00e9rald Ringuette\u00a0\u00bb][contact-field label=\u00a0\u00bbVotre nom\u00a0\u00bb type=\u00a0\u00bbname\u00a0\u00bb required=\u00a0\u00bb1&Prime;][contact-field label=\u00a0\u00bbVotre courriel\u00a0\u00bb type=\u00a0\u00bbemail\u00a0\u00bb required=\u00a0\u00bb1&Prime;][contact-field label=\u00a0\u00bbCondol\u00e9ances\u00a0\u00bb type=\u00a0\u00bbtextarea\u00a0\u00bb][\/contact-form]<\/p>\n","protected":false},"featured_media":61445,"template":"","event_cat":[6],"class_list":["post-61437","event","type-event","status-publish","has-post-thumbnail","hentry","event_cat-maison-mallet-et-fils-inc"],"_links":{"self":[{"href":"https:\/\/maisonmallet.com\/back05_01\/index.php?rest_route=\/wp\/v2\/event\/61437","targetHints":{"allow":["GET"]}}],"collection":[{"href":"https:\/\/maisonmallet.com\/back05_01\/index.php?rest_route=\/wp\/v2\/event"}],"about":[{"href":"https:\/\/maisonmallet.com\/back05_01\/index.php?rest_route=\/wp\/v2\/types\/event"}],"wp:featuredmedia":[{"embeddable":true,"href":"https:\/\/maisonmallet.com\/back05_01\/index.php?rest_route=\/wp\/v2\/media\/61445"}],"wp:attachment":[{"href":"https:\/\/maisonmallet.com\/back05_01\/index.php?rest_route=%2Fwp%2Fv2%2Fmedia&parent=61437"}],"wp:term":[{"taxonomy":"event_cat","embeddable":true,"href":"https:\/\/maisonmallet.com\/back05_01\/index.php?rest_route=%2Fwp%2Fv2%2Fevent_cat&post=61437"}],"curies":[{"name":"wp","href":"https:\/\/api.w.org\/{rel}","templated":true}]}}

RINGUETTE, Gérald

<p>Le Complexe Thanatologique Mallet &amp; fils a le regret de vous annoncer le décès de</p>
<p>Gérald Ringuette</p>
<p>1942 – 2025</p>
<p>&nbsp;</p>
<p>À Uashat, le 21 février 2025, est décédé à l&rsquo;âge de 82 ans, monsieur Gérald Ringuette époux de feu Marie-Marthe Côté et domicilié à Uashat.</p>
<p>Selon ses volontés, il a été confié au crématorium de la Maison Mallet &amp; fils pour crémation.</p>
<p>Il laisse dans le deuil son fils Moïse (Josée Coulombe), sa fille Nancy, ses petits-fils : Maxime (Amanda Roberts) et Félix, ses petites-filles : Audrey (Jimmy Tapp) et Marion, ses arrière-petits-enfants : Laurie, Logan et Lauralie ainsi que sa belle-sœur Nicole, ses neveux, ses nièces, ses cousins, ses cousines et de nombreux ami(e)s.</p>
<p>La famille a confié les arrangements aux services professionnels de la Maison Mallet &amp; fils du 585 boul. Laure à Sept-Îles, maintenant reconnue Distinction et membre de la Corporation des Thanatologues du Québec.</p>
<p>Vous pouvez consulter cet avis de décès sur le : <a href="https://maisonmallet.com">www.maisonmallet.com</a></p>
<p>Ceux et celles qui le désirent, peuvent y envoyer des messages de sympathie.</p>
<p>&nbsp;</p>
<hr />
<p>Envoyer vos condoléances</p>
<p>[contact-form to= »ringuettenancy@outlook.com » subject= »Condoléances Gérald Ringuette »][contact-field label= »Votre nom » type= »name » required= »1&Prime;][contact-field label= »Votre courriel » type= »email » required= »1&Prime;][contact-field label= »Condoléances » type= »textarea »][/contact-form]</p>
