{"id":63439,"date":"2025-01-10T13:29:38","date_gmt":"2025-01-10T18:29:38","guid":{"rendered":"https:\/\/maisonmallet.com\/?post_type=event&#038;p=63439"},"modified":"2025-07-25T21:16:12","modified_gmt":"2025-07-26T01:16:12","slug":"boudreau-therese","status":"publish","type":"event","link":"https:\/\/maisonmallet.com\/back05_01\/?event=boudreau-therese","title":{"rendered":"BOUDREAU, Th\u00e9r\u00e8se"},"content":{"rendered":"<p>La Maison L.J.G. Mallet a le regret de vous annoncer le d\u00e9c\u00e8s de<\/p>\n<p>Th\u00e9r\u00e8se Boudreau<br \/>\n1945 \u2013 2025<\/p>\n<p>\u00c0 Havre Saint-Pierre, le 10 janvier 2025, est d\u00e9c\u00e9d\u00e9e \u00e0 l\u2019\u00e2ge de 79 ans, madame Th\u00e9r\u00e8se Boudreau \u00e9pouse de feu Jean Marc Lebrun et domicili\u00e9e \u00e0 Havre Saint-Pierre.  <\/p>\n<p>La c\u00e9r\u00e9monie comm\u00e9morative de madame Th\u00e9r\u00e8se Boudreau aura lieu le dimanche 11 mai 2025 \u00e0 15 h 45 au salon de la maison L.J.G. Mallet du 1429, rue du Canot \u00e0 Havre Saint-Pierre et de l\u00e0 au cimeti\u00e8re de Havre Saint-Pierre. <\/p>\n<p>Selon ses volont\u00e9s, elle a \u00e9t\u00e9 confi\u00e9e au cr\u00e9matorium de la Maison L.J.G. Mallet pour cr\u00e9mation. <\/p>\n<p>La famille re\u00e7oit parents et amis le dimanche 11 mai 2025 de 13 h \u00e0 16 h au salon de la maison L.J.G. Mallet du 1429, rue du Canot \u00e0 Havre Saint-Pierre.<\/p>\n<p>Elle laisse dans le deuil son fils Dave (Julie Martel), sa fille Claudia (Pierre Pr\u00e9vereau), ses petits-fils : Patrick et Keven (Coralie Lavoie), sa petite-fille Anabelle ainsi que ses fr\u00e8res, ses s\u0153urs, ses beaux-fr\u00e8res, ses belles-s\u0153urs, ses neveux, ses ni\u00e8ces, ses cousins, ses cousines et de nombreux ami(e)s.<br \/>\nLa famille a confi\u00e9 les arrangements aux services professionnels de la Maison L.J.G. Mallet du 1429, rue du Canot \u00e0 Havre Saint-Pierre, maintenant reconnue Distinction et membre de la Corporation des Thanatologues du Qu\u00e9bec.<\/p>\n<p>Vous pouvez consulter cet avis de d\u00e9c\u00e8s, sur le www.maisonmallet.com<\/p>\n<p>Ceux et celles qui le d\u00e9sirent, peuvent y envoyer des messages de sympathie.<\/p>\n<p>[contact-form to=\u00a0\u00bbclaudiakeven@hotmail.com\u00a0\u00bb subject=\u00a0\u00bbCondol\u00e9ances Th\u00e9r\u00e8se Boudreau\u00a0\u00bb][contact-field label=\u00a0\u00bbVotre nom\u00a0\u00bb type=\u00a0\u00bbname\u00a0\u00bb required=\u00a0\u00bb1&Prime;][contact-field label=\u00a0\u00bbVotre courriel\u00a0\u00bb type=\u00a0\u00bbemail\u00a0\u00bb required=\u00a0\u00bb1&Prime;][contact-field label=\u00a0\u00bbCondol\u00e9ances\u00a0\u00bb type=\u00a0\u00bbtextarea\u00a0\u00bb][\/contact-form]<\/p>\n","protected":false},"featured_media":63461,"template":"","event_cat":[7],"class_list":["post-63439","event","type-event","status-publish","has-post-thumbnail","hentry","event_cat-maison-l-j-g-mallet-inc"],"_links":{"self":[{"href":"https:\/\/maisonmallet.com\/back05_01\/index.php?rest_route=\/wp\/v2\/event\/63439","targetHints":{"allow":["GET"]}}],"collection":[{"href":"https:\/\/maisonmallet.com\/back05_01\/index.php?rest_route=\/wp\/v2\/event"}],"about":[{"href":"https:\/\/maisonmallet.com\/back05_01\/index.php?rest_route=\/wp\/v2\/types\/event"}],"wp:featuredmedia":[{"embeddable":true,"href":"https:\/\/maisonmallet.com\/back05_01\/index.php?rest_route=\/wp\/v2\/media\/63461"}],"wp:attachment":[{"href":"https:\/\/maisonmallet.com\/back05_01\/index.php?rest_route=%2Fwp%2Fv2%2Fmedia&parent=63439"}],"wp:term":[{"taxonomy":"event_cat","embeddable":true,"href":"https:\/\/maisonmallet.com\/back05_01\/index.php?rest_route=%2Fwp%2Fv2%2Fevent_cat&post=63439"}],"curies":[{"name":"wp","href":"https:\/\/api.w.org\/{rel}","templated":true}]}}

BOUDREAU, Thérèse

<p>La Maison L.J.G. Mallet a le regret de vous annoncer le décès de</p>
<p>Thérèse Boudreau<br />
1945 – 2025</p>
<p>À Havre Saint-Pierre, le 10 janvier 2025, est décédée à l’âge de 79 ans, madame Thérèse Boudreau épouse de feu Jean Marc Lebrun et domiciliée à Havre Saint-Pierre.  </p>
<p>La cérémonie commémorative de madame Thérèse Boudreau aura lieu le dimanche 11 mai 2025 à 15 h 45 au salon de la maison L.J.G. Mallet du 1429, rue du Canot à Havre Saint-Pierre et de là au cimetière de Havre Saint-Pierre. </p>
<p>Selon ses volontés, elle a été confiée au crématorium de la Maison L.J.G. Mallet pour crémation. </p>
<p>La famille reçoit parents et amis le dimanche 11 mai 2025 de 13 h à 16 h au salon de la maison L.J.G. Mallet du 1429, rue du Canot à Havre Saint-Pierre.</p>
<p>Elle laisse dans le deuil son fils Dave (Julie Martel), sa fille Claudia (Pierre Prévereau), ses petits-fils : Patrick et Keven (Coralie Lavoie), sa petite-fille Anabelle ainsi que ses frères, ses sœurs, ses beaux-frères, ses belles-sœurs, ses neveux, ses nièces, ses cousins, ses cousines et de nombreux ami(e)s.<br />
La famille a confié les arrangements aux services professionnels de la Maison L.J.G. Mallet du 1429, rue du Canot à Havre Saint-Pierre, maintenant reconnue Distinction et membre de la Corporation des Thanatologues du Québec.</p>
<p>Vous pouvez consulter cet avis de décès, sur le www.maisonmallet.com</p>
<p>Ceux et celles qui le désirent, peuvent y envoyer des messages de sympathie.</p>
<p>[contact-form to= »claudiakeven@hotmail.com » subject= »Condoléances Thérèse Boudreau »][contact-field label= »Votre nom » type= »name » required= »1&Prime;][contact-field label= »Votre courriel » type= »email » required= »1&Prime;][contact-field label= »Condoléances » type= »textarea »][/contact-form]</p>
