{"id":63944,"date":"2025-05-03T15:46:45","date_gmt":"2025-05-03T19:46:45","guid":{"rendered":"https:\/\/maisonmallet.com\/?post_type=event&#038;p=63944"},"modified":"2025-07-05T10:23:03","modified_gmt":"2025-07-05T14:23:03","slug":"hounsell-fernand","status":"publish","type":"event","link":"https:\/\/maisonmallet.com\/back05_01\/?event=hounsell-fernand","title":{"rendered":"HOUNSELL, Fernand"},"content":{"rendered":"<p>La Maison L.J.G. Mallet a le regret de vous annoncer le d\u00e9c\u00e8s de<\/p>\n<p>Fernand Hounsell<\/p>\n<p>1941 &#8211; 2025<\/p>\n<p>&nbsp;<\/p>\n<p>\u00c0 Havre Saint-Pierre, le 3 mai 2025, est d\u00e9c\u00e9d\u00e9 \u00e0 l\u2019\u00e2ge de 83 ans, monsieur Fernand Hounsell \u00e9poux de feu Adrienne Carbonneau et domicili\u00e9 \u00e0 Natashquan.<\/p>\n<p>Les fun\u00e9railles de monsieur Fernand Hounsell auront lieu le samedi 14 juin 2025 \u00e0 11 h en l\u2019\u00e9glise de l\u2019Immacul\u00e9e-Conception de Natashquan et de l\u00e0 au cimeti\u00e8re de l\u2019endroit.<\/p>\n<p>Selon ses volont\u00e9s, il a \u00e9t\u00e9 confi\u00e9 au cr\u00e9matorium de la Maison L.J.G. Mallet pour cr\u00e9mation.<\/p>\n<p>La famille re\u00e7oit parents et amis le samedi 14 juin 2025 jour des fun\u00e9railles \u00e0 compter de 9 h \u00e0 l\u2019\u00c9glise de l\u2019Immacul\u00e9e-Conception de Natashquan.<\/p>\n<p>Il laisse dans le deuil ses enfants\u00a0: Sylvie (Marie-Louis), Martin (Maryse), Jocelyne (\u00c9ric) et Val\u00e9rie (Denis), ses petits-enfants\u00a0: Marie-\u00c8ve (Jean-Philippe), Sarah, Jean-S\u00e9bastien (Marianne), Jonathan (Marie-Jos\u00e9e), Olivier, Marc-Antoine, F\u00e9lix, Mathis et Zack, ses arri\u00e8re-petits-enfants\u00a0: Maxim, J\u00e9r\u00e9my, Emma, William, Ad\u00e8le, Ma\u00eblie, Travis, Florence, Julia, \u00c9lodie et Arthur ainsi que ses fr\u00e8res, sa s\u0153ur, ses beaux-fr\u00e8res, ses belles-s\u0153urs, ses neveux, ses ni\u00e8ces ses cousins, ses cousines et de nombreux ami(e)s.<\/p>\n<p>La famille a confi\u00e9 la direction des fun\u00e9railles aux services professionnels de la Maison L.J.G. Mallet du 1429, rue du Canot \u00e0 Havre-Saint-Pierre, maintenant reconnue Distinction et membre de la Corporation des Thanatologues du Qu\u00e9bec.<\/p>\n<p>Vous pouvez consulter cet avis de d\u00e9c\u00e8s sur le <a href=\"https:\/\/maisonmallet.com\">www.maisonmallet.com<\/a><\/p>\n<p>Ceux et celles qui le d\u00e9sirent, peuvent y envoyer des messages de sympathie.<\/p>\n<p>&nbsp;<\/p>\n<hr \/>\n<p>Envoyer vos condol\u00e9ances<\/p>\n<p>[contact-form to=\u00a0\u00bbvalerie.hounsell@csdufer.qc.ca\u00a0\u00bb subject=\u00a0\u00bbCondol\u00e9ances Fernand Hounsell\u00a0\u00bb][contact-field label=\u00a0\u00bbVotre nom\u00a0\u00bb type=\u00a0\u00bbname\u00a0\u00bb required=\u00a0\u00bb1&Prime;][contact-field label=\u00a0\u00bbVotre courriel\u00a0\u00bb type=\u00a0\u00bbemail\u00a0\u00bb required=\u00a0\u00bb1&Prime;][contact-field label=\u00a0\u00bbCondol\u00e9ances\u00a0\u00bb type=\u00a0\u00bbtextarea\u00a0\u00bb][\/contact-form]<\/p>\n","protected":false},"featured_media":64012,"template":"","event_cat":[7],"class_list":["post-63944","event","type-event","status-publish","has-post-thumbnail","hentry","event_cat-maison-l-j-g-mallet-inc"],"_links":{"self":[{"href":"https:\/\/maisonmallet.com\/back05_01\/index.php?rest_route=\/wp\/v2\/event\/63944","targetHints":{"allow":["GET"]}}],"collection":[{"href":"https:\/\/maisonmallet.com\/back05_01\/index.php?rest_route=\/wp\/v2\/event"}],"about":[{"href":"https:\/\/maisonmallet.com\/back05_01\/index.php?rest_route=\/wp\/v2\/types\/event"}],"wp:featuredmedia":[{"embeddable":true,"href":"https:\/\/maisonmallet.com\/back05_01\/index.php?rest_route=\/wp\/v2\/media\/64012"}],"wp:attachment":[{"href":"https:\/\/maisonmallet.com\/back05_01\/index.php?rest_route=%2Fwp%2Fv2%2Fmedia&parent=63944"}],"wp:term":[{"taxonomy":"event_cat","embeddable":true,"href":"https:\/\/maisonmallet.com\/back05_01\/index.php?rest_route=%2Fwp%2Fv2%2Fevent_cat&post=63944"}],"curies":[{"name":"wp","href":"https:\/\/api.w.org\/{rel}","templated":true}]}}

<p>La Maison L.J.G. Mallet a le regret de vous annoncer le décès de</p>
<p>Fernand Hounsell</p>
<p>1941 &#8211; 2025</p>
<p>&nbsp;</p>
<p>À Havre Saint-Pierre, le 3 mai 2025, est décédé à l’âge de 83 ans, monsieur Fernand Hounsell époux de feu Adrienne Carbonneau et domicilié à Natashquan.</p>
<p>Les funérailles de monsieur Fernand Hounsell auront lieu le samedi 14 juin 2025 à 11 h en l’église de l’Immaculée-Conception de Natashquan et de là au cimetière de l’endroit.</p>
<p>Selon ses volontés, il a été confié au crématorium de la Maison L.J.G. Mallet pour crémation.</p>
<p>La famille reçoit parents et amis le samedi 14 juin 2025 jour des funérailles à compter de 9 h à l’Église de l’Immaculée-Conception de Natashquan.</p>
<p>Il laisse dans le deuil ses enfants : Sylvie (Marie-Louis), Martin (Maryse), Jocelyne (Éric) et Valérie (Denis), ses petits-enfants : Marie-Ève (Jean-Philippe), Sarah, Jean-Sébastien (Marianne), Jonathan (Marie-Josée), Olivier, Marc-Antoine, Félix, Mathis et Zack, ses arrière-petits-enfants : Maxim, Jérémy, Emma, William, Adèle, Maëlie, Travis, Florence, Julia, Élodie et Arthur ainsi que ses frères, sa sœur, ses beaux-frères, ses belles-sœurs, ses neveux, ses nièces ses cousins, ses cousines et de nombreux ami(e)s.</p>
<p>La famille a confié la direction des funérailles aux services professionnels de la Maison L.J.G. Mallet du 1429, rue du Canot à Havre-Saint-Pierre, maintenant reconnue Distinction et membre de la Corporation des Thanatologues du Québec.</p>
<p>Vous pouvez consulter cet avis de décès sur le <a href="https://maisonmallet.com">www.maisonmallet.com</a></p>
<p>Ceux et celles qui le désirent, peuvent y envoyer des messages de sympathie.</p>
<p>&nbsp;</p>
<hr />
<p>Envoyer vos condoléances</p>
<p>[contact-form to= »valerie.hounsell@csdufer.qc.ca » subject= »Condoléances Fernand Hounsell »][contact-field label= »Votre nom » type= »name » required= »1&Prime;][contact-field label= »Votre courriel » type= »email » required= »1&Prime;][contact-field label= »Condoléances » type= »textarea »][/contact-form]</p>
