{"id":65207,"date":"2025-06-08T16:39:18","date_gmt":"2025-06-08T20:39:18","guid":{"rendered":"https:\/\/maisonmallet.com\/?post_type=event&#038;p=65207"},"modified":"2025-07-05T10:04:16","modified_gmt":"2025-07-05T14:04:16","slug":"viens-jeanne-darc","status":"publish","type":"event","link":"https:\/\/maisonmallet.com\/back05_01\/?event=viens-jeanne-darc","title":{"rendered":"VIENS, Jeanne d&rsquo;Arc"},"content":{"rendered":"<p>Le Complexe Thanatologique Mallet &amp; fils a le regret de vous annoncer le d\u00e9c\u00e8s de<\/p>\n<p>Jeanne d\u2019Arc Viens<\/p>\n<p>1936 \u2013 2025<\/p>\n<p>&nbsp;<\/p>\n<p>\u00c0 Sept-\u00celes, le 8 juin 2025, est d\u00e9c\u00e9d\u00e9e \u00e0 l&rsquo;\u00e2ge de 88 ans, madame Jeanne d\u2019Arc Viens \u00e9pouse de feu Camille Dionne et domicili\u00e9e \u00e0 Sept-\u00celes.<\/p>\n<p>La c\u00e9r\u00e9monie comm\u00e9morative de madame Jeanne d\u2019Arc Viens aura lieu le samedi 12 juillet 2025 \u00e0 15 h 15 \u00e0 la chapelle du Complexe Thanatologique Mallet &amp; fils du 585, boul. Laure \u00e0 Sept-\u00celes et de l\u00e0 au cimeti\u00e8re de l\u2019endroit.<\/p>\n<p>Selon ses volont\u00e9s, elle a \u00e9t\u00e9 confi\u00e9e au cr\u00e9matorium de la Maison Mallet &amp; fils pour cr\u00e9mation.<\/p>\n<p>La famille re\u00e7oit parents et amis le samedi 12 juillet 2025 de 13 h \u00e0 16 h au Complexe Thanatologique Mallet &amp; fils du 585, boul. Laure \u00e0 Sept-\u00celes.<\/p>\n<p>Il laisse dans le deuil ses fils\u00a0: Gaston (Paola Polacco) et Claude, sa fille Jos\u00e9e (Richard Leblanc), ses petites-filles\u00a0: Alexandra et Cynthia, ses petits-fils\u00a0: Nicolas (Chantal Grondin), Charles et F\u00e9lix, ses arri\u00e8re-petites-filles\u00a0: Mylia et Alycia, son arri\u00e8re-petit-fils Noha, sa s\u0153ur Lise (feu Jean-Eudes Ross), son fr\u00e8re jacques (Raymonde Bellavance) ainsi que ses belles-s\u0153urs\u00a0: Ir\u00e8ne et Th\u00e9r\u00e8se, ses neveux, ses ni\u00e8ces et de nombreux ami(e)s.<\/p>\n<p>Vos marques de sympathie peuvent se traduire par un don \u00e0 l\u2019\u00c9lyme des sables <a href=\"http:\/\/www.elymedessables.com\">www.elymedessables.com<\/a><\/p>\n<p>La famille a confi\u00e9 les arrangements aux services professionnels de la Maison Mallet &amp; fils du 585 boul. Laure \u00e0 Sept-\u00celes, maintenant reconnue Distinction et membre de la Corporation des Thanatologues du Qu\u00e9bec.<\/p>\n<p>Vous pouvez consulter cet avis de d\u00e9c\u00e8s sur le :\u00a0<a href=\"https:\/\/maisonmallet.com\/\">www.maisonmallet.com<\/a><\/p>\n<p>Ceux et celles qui le d\u00e9sirent, peuvent y envoyer des messages de sympathie.<\/p>\n<p>&nbsp;<\/p>\n<hr \/>\n<p>Envoyer vos condol\u00e9ances<\/p>\n<p>[contact-form to=\u00a0\u00bbgaston.59@hotmail.com\u00a0\u00bb subject=\u00a0\u00bbCondol\u00e9ances Jeanne d&rsquo;Arc Viens\u00a0\u00bb][contact-field label=\u00a0\u00bbVotre nom\u00a0\u00bb type=\u00a0\u00bbname\u00a0\u00bb required=\u00a0\u00bb1&Prime;][contact-field label=\u00a0\u00bbVotre courriel\u00a0\u00bb type=\u00a0\u00bbemail\u00a0\u00bb required=\u00a0\u00bb1&Prime;][contact-field label=\u00a0\u00bbCondol\u00e9ances\u00a0\u00bb type=\u00a0\u00bbtextarea\u00a0\u00bb][\/contact-form]<\/p>\n","protected":false},"featured_media":65212,"template":"","event_cat":[6],"class_list":["post-65207","event","type-event","status-publish","has-post-thumbnail","hentry","event_cat-maison-mallet-et-fils-inc"],"_links":{"self":[{"href":"https:\/\/maisonmallet.com\/back05_01\/index.php?rest_route=\/wp\/v2\/event\/65207","targetHints":{"allow":["GET"]}}],"collection":[{"href":"https:\/\/maisonmallet.com\/back05_01\/index.php?rest_route=\/wp\/v2\/event"}],"about":[{"href":"https:\/\/maisonmallet.com\/back05_01\/index.php?rest_route=\/wp\/v2\/types\/event"}],"wp:featuredmedia":[{"embeddable":true,"href":"https:\/\/maisonmallet.com\/back05_01\/index.php?rest_route=\/wp\/v2\/media\/65212"}],"wp:attachment":[{"href":"https:\/\/maisonmallet.com\/back05_01\/index.php?rest_route=%2Fwp%2Fv2%2Fmedia&parent=65207"}],"wp:term":[{"taxonomy":"event_cat","embeddable":true,"href":"https:\/\/maisonmallet.com\/back05_01\/index.php?rest_route=%2Fwp%2Fv2%2Fevent_cat&post=65207"}],"curies":[{"name":"wp","href":"https:\/\/api.w.org\/{rel}","templated":true}]}}

<p>Le Complexe Thanatologique Mallet &amp; fils a le regret de vous annoncer le décès de</p>
<p>Jeanne d’Arc Viens</p>
<p>1936 – 2025</p>
<p>&nbsp;</p>
<p>À Sept-Îles, le 8 juin 2025, est décédée à l&rsquo;âge de 88 ans, madame Jeanne d’Arc Viens épouse de feu Camille Dionne et domiciliée à Sept-Îles.</p>
<p>La cérémonie commémorative de madame Jeanne d’Arc Viens aura lieu le samedi 12 juillet 2025 à 15 h 15 à la chapelle du Complexe Thanatologique Mallet &amp; fils du 585, boul. Laure à Sept-Îles et de là au cimetière de l’endroit.</p>
<p>Selon ses volontés, elle a été confiée au crématorium de la Maison Mallet &amp; fils pour crémation.</p>
<p>La famille reçoit parents et amis le samedi 12 juillet 2025 de 13 h à 16 h au Complexe Thanatologique Mallet &amp; fils du 585, boul. Laure à Sept-Îles.</p>
<p>Il laisse dans le deuil ses fils : Gaston (Paola Polacco) et Claude, sa fille Josée (Richard Leblanc), ses petites-filles : Alexandra et Cynthia, ses petits-fils : Nicolas (Chantal Grondin), Charles et Félix, ses arrière-petites-filles : Mylia et Alycia, son arrière-petit-fils Noha, sa sœur Lise (feu Jean-Eudes Ross), son frère jacques (Raymonde Bellavance) ainsi que ses belles-sœurs : Irène et Thérèse, ses neveux, ses nièces et de nombreux ami(e)s.</p>
<p>Vos marques de sympathie peuvent se traduire par un don à l’Élyme des sables <a href="http://www.elymedessables.com">www.elymedessables.com</a></p>
<p>La famille a confié les arrangements aux services professionnels de la Maison Mallet &amp; fils du 585 boul. Laure à Sept-Îles, maintenant reconnue Distinction et membre de la Corporation des Thanatologues du Québec.</p>
<p>Vous pouvez consulter cet avis de décès sur le : <a href="https://maisonmallet.com/">www.maisonmallet.com</a></p>
<p>Ceux et celles qui le désirent, peuvent y envoyer des messages de sympathie.</p>
<p>&nbsp;</p>
<hr />
<p>Envoyer vos condoléances</p>
<p>[contact-form to= »gaston.59@hotmail.com » subject= »Condoléances Jeanne d&rsquo;Arc Viens »][contact-field label= »Votre nom » type= »name » required= »1&Prime;][contact-field label= »Votre courriel » type= »email » required= »1&Prime;][contact-field label= »Condoléances » type= »textarea »][/contact-form]</p>
