{"id":65547,"date":"2025-06-23T12:02:56","date_gmt":"2025-06-23T16:02:56","guid":{"rendered":"https:\/\/maisonmallet.com\/?post_type=event&#038;p=65547"},"modified":"2025-07-05T10:01:07","modified_gmt":"2025-07-05T14:01:07","slug":"beaudin-arlene","status":"publish","type":"event","link":"https:\/\/maisonmallet.com\/back05_01\/?event=beaudin-arlene","title":{"rendered":"BEAUDIN, Arl\u00e8ne"},"content":{"rendered":"<p>Le Complexe Thanatologique Mallet &amp; fils a le regret de vous annoncer le d\u00e9c\u00e8s de<\/p>\n<p>Arl\u00e8ne Beaudin<\/p>\n<p>1965 \u2013 2025<\/p>\n<p>\u00c0 Sept-\u00celes, le 23 juin 2025, est d\u00e9c\u00e9d\u00e9e \u00e0 l&rsquo;\u00e2ge de 60 ans, madame Arl\u00e8ne Beaudin \u00e9pouse de monsieur Eric Gough et domicili\u00e9e \u00e0 Sept-\u00celes.<\/p>\n<p>La c\u00e9r\u00e9monie comm\u00e9morative de madame Arl\u00e8ne Beaudin aura lieu le lundi 30 juin 2025 \u00e0 11 h 15 \u00e0 la chapelle du Complexe Thanatologique Mallet &amp; fils du 585, boul. Laure \u00e0 Sept-\u00celes et de l\u00e0 au cimeti\u00e8re de l\u2019endroit.<\/p>\n<p>Selon ses volont\u00e9s, elle a \u00e9t\u00e9 confi\u00e9e au cr\u00e9matorium de la Maison Mallet &amp; fils pour cr\u00e9mation.<\/p>\n<p>La famille re\u00e7oit parents et amis le dimanche 29 juin 2025 de 18 h \u00e0 21 h au Complexe Thanatologique Mallet &amp; fils du 585 Boul. Laure \u00e0 Sept-\u00celes.<\/p>\n<p>Elle laisse dans le deuil outre son \u00e9poux monsieur Eric Gough, ses filles\u00a0: Marith\u00e9 (Keven et ses enfants\u00a0: Charles et Malorie) et Stella de m\u00eame que sa s\u0153ur Monique (et ses enfants\u00a0: Jean et Genevi\u00e8ve), son fr\u00e8re Denis (Nathalie) et son fils Xavier, ses beaux-fr\u00e8res\u00a0: Michael (Marisabelle) et ses enfants\u00a0: James, Elliot et Rachel, de m\u00eame que Steve (Marl\u00e8ne), ses oncles, ses tantes, ses cousins, ses cousines et de nombreux amis.<\/p>\n<p>Vos marques de sympathie peuvent se traduire par un don \u00e0 l\u2019\u00c9lyme des sables <a href=\"http:\/\/www.elymedessables.com\">www.elymedessables.com<\/a><\/p>\n<p>La famille a confi\u00e9 les arrangements aux services professionnels de la Maison Mallet &amp; fils du 585 Boul. Laure \u00e0 Sept-\u00celes, maintenant reconnue Distinction et membre de la Corporation des Thanatologues du Qu\u00e9bec.<\/p>\n<p>Vous pouvez consulter cet avis de d\u00e9c\u00e8s sur le :\u00a0<a href=\"https:\/\/maisonmallet.com\/\">www.maisonmallet.com<\/a><\/p>\n<p>Ceux et celles qui le d\u00e9sirent, peuvent y envoyer des messages de sympathie.<\/p>\n<p>&nbsp;<\/p>\n<hr \/>\n<p>Envoyer vos condol\u00e9ances<\/p>\n<p>[contact-form to=\u00a0\u00bbericgough@outlook.fr\u00a0\u00bb subject=\u00a0\u00bbCondol\u00e9ances Arl\u00e8ne Beaudin\u00a0\u00bb][contact-field label=\u00a0\u00bbVotre nom\u00a0\u00bb type=\u00a0\u00bbname\u00a0\u00bb required=\u00a0\u00bb1&Prime;][contact-field label=\u00a0\u00bbVotre courriel\u00a0\u00bb type=\u00a0\u00bbemail\u00a0\u00bb required=\u00a0\u00bb1&Prime;][contact-field label=\u00a0\u00bbCondol\u00e9ances\u00a0\u00bb type=\u00a0\u00bbtextarea\u00a0\u00bb][\/contact-form]<\/p>\n","protected":false},"featured_media":65596,"template":"","event_cat":[6],"class_list":["post-65547","event","type-event","status-publish","has-post-thumbnail","hentry","event_cat-maison-mallet-et-fils-inc"],"_links":{"self":[{"href":"https:\/\/maisonmallet.com\/back05_01\/index.php?rest_route=\/wp\/v2\/event\/65547","targetHints":{"allow":["GET"]}}],"collection":[{"href":"https:\/\/maisonmallet.com\/back05_01\/index.php?rest_route=\/wp\/v2\/event"}],"about":[{"href":"https:\/\/maisonmallet.com\/back05_01\/index.php?rest_route=\/wp\/v2\/types\/event"}],"wp:featuredmedia":[{"embeddable":true,"href":"https:\/\/maisonmallet.com\/back05_01\/index.php?rest_route=\/wp\/v2\/media\/65596"}],"wp:attachment":[{"href":"https:\/\/maisonmallet.com\/back05_01\/index.php?rest_route=%2Fwp%2Fv2%2Fmedia&parent=65547"}],"wp:term":[{"taxonomy":"event_cat","embeddable":true,"href":"https:\/\/maisonmallet.com\/back05_01\/index.php?rest_route=%2Fwp%2Fv2%2Fevent_cat&post=65547"}],"curies":[{"name":"wp","href":"https:\/\/api.w.org\/{rel}","templated":true}]}}

BEAUDIN, Arlène

<p>Le Complexe Thanatologique Mallet &amp; fils a le regret de vous annoncer le décès de</p>
<p>Arlène Beaudin</p>
<p>1965 – 2025</p>
<p>À Sept-Îles, le 23 juin 2025, est décédée à l&rsquo;âge de 60 ans, madame Arlène Beaudin épouse de monsieur Eric Gough et domiciliée à Sept-Îles.</p>
<p>La cérémonie commémorative de madame Arlène Beaudin aura lieu le lundi 30 juin 2025 à 11 h 15 à la chapelle du Complexe Thanatologique Mallet &amp; fils du 585, boul. Laure à Sept-Îles et de là au cimetière de l’endroit.</p>
<p>Selon ses volontés, elle a été confiée au crématorium de la Maison Mallet &amp; fils pour crémation.</p>
<p>La famille reçoit parents et amis le dimanche 29 juin 2025 de 18 h à 21 h au Complexe Thanatologique Mallet &amp; fils du 585 Boul. Laure à Sept-Îles.</p>
<p>Elle laisse dans le deuil outre son époux monsieur Eric Gough, ses filles : Marithé (Keven et ses enfants : Charles et Malorie) et Stella de même que sa sœur Monique (et ses enfants : Jean et Geneviève), son frère Denis (Nathalie) et son fils Xavier, ses beaux-frères : Michael (Marisabelle) et ses enfants : James, Elliot et Rachel, de même que Steve (Marlène), ses oncles, ses tantes, ses cousins, ses cousines et de nombreux amis.</p>
<p>Vos marques de sympathie peuvent se traduire par un don à l’Élyme des sables <a href="http://www.elymedessables.com">www.elymedessables.com</a></p>
<p>La famille a confié les arrangements aux services professionnels de la Maison Mallet &amp; fils du 585 Boul. Laure à Sept-Îles, maintenant reconnue Distinction et membre de la Corporation des Thanatologues du Québec.</p>
<p>Vous pouvez consulter cet avis de décès sur le : <a href="https://maisonmallet.com/">www.maisonmallet.com</a></p>
<p>Ceux et celles qui le désirent, peuvent y envoyer des messages de sympathie.</p>
<p>&nbsp;</p>
<hr />
<p>Envoyer vos condoléances</p>
<p>[contact-form to= »ericgough@outlook.fr » subject= »Condoléances Arlène Beaudin »][contact-field label= »Votre nom » type= »name » required= »1&Prime;][contact-field label= »Votre courriel » type= »email » required= »1&Prime;][contact-field label= »Condoléances » type= »textarea »][/contact-form]</p>
