{"id":67512,"date":"2025-08-26T13:51:13","date_gmt":"2025-08-26T17:51:13","guid":{"rendered":"https:\/\/maisonmallet.com\/?page_id=67512"},"modified":"2025-08-26T13:51:13","modified_gmt":"2025-08-26T17:51:13","slug":"a-propos-de-nous-2","status":"publish","type":"page","link":"https:\/\/maisonmallet.com\/?page_id=67512","title":{"rendered":"\u00c0 propos de nous"},"content":{"rendered":"<div id=\"pl-67512\"  class=\"panel-layout\" ><div id=\"pg-67512-0\"  class=\"panel-grid panel-no-style\" ><div id=\"pgc-67512-0-0\"  class=\"panel-grid-cell\" ><div class=\"panel-cell-style panel-cell-style-for-67512-0-0\" ><div id=\"panel-67512-0-0-0\" class=\"so-panel widget widget_sow-editor panel-first-child panel-last-child\" data-index=\"0\" ><div\n\t\t\t\n\t\t\tclass=\"so-widget-sow-editor so-widget-sow-editor-base\"\n\t\t\t\n\t\t>\n<div class=\"siteorigin-widget-tinymce textwidget\">\n\t<p><img loading=\"lazy\" decoding=\"async\" class=\"alignnone size-medium wp-image-1776\" src=\"https:\/\/maisonmallet.com\/wp-content\/uploads\/2016\/10\/car3-1100x250.jpg\" alt=\"car3\" width=\"1100\" height=\"250\"\/><\/p>\n<\/div>\n<\/div><\/div><\/div><\/div><\/div><div id=\"pg-67512-1\"  class=\"panel-grid panel-no-style\" ><div id=\"pgc-67512-1-0\"  class=\"panel-grid-cell\" ><div class=\"panel-cell-style panel-cell-style-for-67512-1-0\" ><div id=\"panel-67512-1-0-0\" class=\"so-panel widget widget_sow-editor panel-first-child panel-last-child\" data-index=\"1\" ><div class=\"panel-widget-style panel-widget-style-for-67512-1-0-0\" ><div\n\t\t\t\n\t\t\tclass=\"so-widget-sow-editor so-widget-sow-editor-base\"\n\t\t\t\n\t\t>\n<div class=\"siteorigin-widget-tinymce textwidget\">\n\t<h2>Une famille \u00e0 l'\u00e9coute des familles depuis plus de 55 ans<\/h2>\n<\/div>\n<\/div><\/div><\/div><\/div><\/div><\/div><div id=\"pg-67512-2\"  class=\"panel-grid panel-no-style\" ><div id=\"pgc-67512-2-0\"  class=\"panel-grid-cell\" ><div class=\"panel-cell-style panel-cell-style-for-67512-2-0\" ><div id=\"panel-67512-2-0-0\" class=\"so-panel widget widget_sow-accordion panel-first-child panel-last-child\" data-index=\"2\" ><div\n\t\t\t\n\t\t\tclass=\"so-widget-sow-accordion so-widget-sow-accordion-default-c3f915bddb8e-67512\"\n\t\t\t\n\t\t><div>\n\t<div class=\"sow-accordion\">\n\t\t\t<div class=\"sow-accordion-panel\n\t\t\t\t\"\n\t\t\tdata-anchor-id=\"historique\">\n\t\t\t\t<div class=\"sow-accordion-panel-header-container\" role=\"heading\" aria-level=\"2\">\n\t\t\t\t\t<div class=\"sow-accordion-panel-header\" tabindex=\"0\" role=\"button\" id=\"accordion-label-historique\" aria-controls=\"accordion-content-historique\" aria-expanded=\"false\">\n\t\t\t\t\t\t<div class=\"sow-accordion-title sow-accordion-title-icon-left\">\n\t\t\t\t\t\t\t\t\t\t\t\t\t\tHistorique\t\t\t\t\t\t\t\t\t\t\t\t\t<\/div>\n\t\t\t\t\t\t<div class=\"sow-accordion-open-close-button\">\n\t\t\t\t\t\t\t<div class=\"sow-accordion-open-button\">\n\t\t\t\t\t\t\t\t<span class=\"sow-icon-ionicons\" data-sow-icon=\"&#xf218;\"\n\t\t \n\t\taria-hidden=\"true\"><\/span>\t\t\t\t\t\t\t<\/div>\n\t\t\t\t\t\t\t<div class=\"sow-accordion-close-button\">\n\t\t\t\t\t\t\t\t<span class=\"sow-icon-ionicons\" data-sow-icon=\"&#xf209;\"\n\t\t \n\t\taria-hidden=\"true\"><\/span>\t\t\t\t\t\t\t<\/div>\n\t\t\t\t\t\t<\/div>\n\t\t\t\t\t<\/div>\n\t\t\t\t<\/div>\n\n\t\t\t<div\n\t\t\t\tclass=\"sow-accordion-panel-content\"\n\t\t\t\trole=\"region\"\n\t\t\t\taria-labelledby=\"accordion-label-historique\"\n\t\t\t\tid=\"accordion-content-historique\"\n\t\t\t\tstyle=\"display: none;\"\t\t\t>\n\t\t\t\t<div class=\"sow-accordion-panel-border\">\n\t\t\t\t\t<p>C'est en 1963 que Edgar Mallet fonde l'entreprise <strong>La Maison Edgar Mallet<\/strong> situ\u00e9e au 185, Boulevard Laure \u00e0 Sept-\u00celes.\u00a0\u00a0\u00c0 cette \u00e9poque, les expositions des d\u00e9funts avaient lieu dans les r\u00e9sidences m\u00eames.\u00a0\u00a0En ce temps, les familles veillaient leurs disparus jour et nuit durant plusieurs jours.<\/p>\n<p>En 1966, M. Mallet suivi un cours \u00e0 l'Universit\u00e9 de Montr\u00e9al avec l'Institut des embaumeurs de la province de Qu\u00e9bec, pour se m\u00e9riter un dipl\u00f4me d'embaumeur, tout en pratiquant sa profession sous la supervision d'un ma\u00eetre embaumeur.<\/p>\n<p>C'est aussi en 1966 qu'il \u00e9pouse Mme Jeanne d'Arc Chabot, native d'un p\u00e8re directeur de fun\u00e9railles.\u00a0\u00a0Depuis, elle travaille toujours avec son \u00e9poux.<\/p>\n<p>Le 11 juillet 1972,\u00a0\u00a0<strong>La Maison Edgar Mallet<\/strong> prit un nouvel aspect, en d\u00e9m\u00e9nageant \u00e0 quelques pas dans un nouveau b\u00e2timent situ\u00e9 au 585, Boulevard Laure.<\/p>\n<p>En 1985,\u00a0\u00a0apr\u00e8s un cours de trois ans en thanatologie, leur fils Marc adh\u00e8re \u00e0 l'entreprise familiale et \u0153uvre toujours au sein de la compagnie.\u00a0\u00a0En 1998, il acquiert avec son p\u00e8re un complexe fun\u00e9raire, dont <strong>La Maison L.J.G. Mallet<\/strong> \u00e0 Havre-St-Pierre.<\/p>\n<p><strong>Une vraie histoire de famille !<\/strong><\/p>\n<p>C'est pourquoi, aujourd'hui on appelle l'entreprise :<br \/>\nLa Maison Mallet et Fils Inc.<\/p>\n<p>Au fil des ann\u00e9es, L<strong>a Maison Mallet et Fils<\/strong> et <strong>La Maison L.J.G. Mallet<\/strong> ont su adapter leurs services aux besoins de leurs distingu\u00e9es client\u00e8les.<\/p>\n<p>Une continuit\u00e9 rassurante<\/p>\n<p>Leurs exp\u00e9riences et leurs r\u00e9putations en font des Maisons dignes de confiances et de respects.<\/p>\n\t\t\t\t<\/div>\n\t\t\t<\/div>\n\t\t<\/div>\n\t\t\t<div class=\"sow-accordion-panel\n\t\t\t\t\"\n\t\t\tdata-anchor-id=\"les-regions-desservies\">\n\t\t\t\t<div class=\"sow-accordion-panel-header-container\" role=\"heading\" aria-level=\"2\">\n\t\t\t\t\t<div class=\"sow-accordion-panel-header\" tabindex=\"0\" role=\"button\" id=\"accordion-label-les-r%c3%a9gions-desservies\" aria-controls=\"accordion-content-les-r%c3%a9gions-desservies\" aria-expanded=\"false\">\n\t\t\t\t\t\t<div class=\"sow-accordion-title sow-accordion-title-icon-left\">\n\t\t\t\t\t\t\t\t\t\t\t\t\t\tLes r\u00e9gions desservies\t\t\t\t\t\t\t\t\t\t\t\t\t<\/div>\n\t\t\t\t\t\t<div class=\"sow-accordion-open-close-button\">\n\t\t\t\t\t\t\t<div class=\"sow-accordion-open-button\">\n\t\t\t\t\t\t\t\t<span class=\"sow-icon-ionicons\" data-sow-icon=\"&#xf218;\"\n\t\t \n\t\taria-hidden=\"true\"><\/span>\t\t\t\t\t\t\t<\/div>\n\t\t\t\t\t\t\t<div class=\"sow-accordion-close-button\">\n\t\t\t\t\t\t\t\t<span class=\"sow-icon-ionicons\" data-sow-icon=\"&#xf209;\"\n\t\t \n\t\taria-hidden=\"true\"><\/span>\t\t\t\t\t\t\t<\/div>\n\t\t\t\t\t\t<\/div>\n\t\t\t\t\t<\/div>\n\t\t\t\t<\/div>\n\n\t\t\t<div\n\t\t\t\tclass=\"sow-accordion-panel-content\"\n\t\t\t\trole=\"region\"\n\t\t\t\taria-labelledby=\"accordion-label-les-r%c3%a9gions-desservies\"\n\t\t\t\tid=\"accordion-content-les-r%c3%a9gions-desservies\"\n\t\t\t\tstyle=\"display: none;\"\t\t\t>\n\t\t\t\t<div class=\"sow-accordion-panel-border\">\n\t\t\t\t\t<ul>\n \t<li>Aguanish<\/li>\n \t<li>Baie-Johan-Beetz<\/li>\n \t<li>Baie-Trinit\u00e9<\/li>\n \t<li>Clarke City<\/li>\n \t<li>Gallix<\/li>\n \t<li>Havre-St-Pierre<\/li>\n \t<li>\u00celets Caribou<\/li>\n \t<li>L'\u00cele d'Anticosti<\/li>\n \t<li>L'\u00cele-Michon<\/li>\n \t<li>Longue-Pointe-de-Mingan<\/li>\n \t<li>Magpie<\/li>\n \t<li>Maliotenam<\/li>\n \t<li>Mingan<\/li>\n \t<li>Moisie<\/li>\n \t<li>Natasquan<\/li>\n \t<li>Pointe-aux-Anglais<\/li>\n \t<li>Pointe-Parent<\/li>\n \t<li>Port-Cartier<\/li>\n \t<li>Rivi\u00e8re-au-Tonnerre<\/li>\n \t<li>Rivi\u00e8re-Pentec\u00f4te<\/li>\n \t<li>Sept-\u00celes<\/li>\n \t<li>Sheldrake<\/li>\n<\/ul>\t\t\t\t<\/div>\n\t\t\t<\/div>\n\t\t<\/div>\n\t\t\t<div class=\"sow-accordion-panel\n\t\t\t\t\"\n\t\t\tdata-anchor-id=\"notre-engagement-la-qualite-et-le-professionnalisme\">\n\t\t\t\t<div class=\"sow-accordion-panel-header-container\" role=\"heading\" aria-level=\"2\">\n\t\t\t\t\t<div class=\"sow-accordion-panel-header\" tabindex=\"0\" role=\"button\" id=\"accordion-label-notre-engagement-la-qualit%c3%a9-et-le-professionnalisme\" aria-controls=\"accordion-content-notre-engagement-la-qualit%c3%a9-et-le-professionnalisme\" aria-expanded=\"false\">\n\t\t\t\t\t\t<div class=\"sow-accordion-title sow-accordion-title-icon-left\">\n\t\t\t\t\t\t\t\t\t\t\t\t\t\tNotre engagement: la qualit\u00e9 et le professionnalisme\t\t\t\t\t\t\t\t\t\t\t\t\t<\/div>\n\t\t\t\t\t\t<div class=\"sow-accordion-open-close-button\">\n\t\t\t\t\t\t\t<div class=\"sow-accordion-open-button\">\n\t\t\t\t\t\t\t\t<span class=\"sow-icon-ionicons\" data-sow-icon=\"&#xf218;\"\n\t\t \n\t\taria-hidden=\"true\"><\/span>\t\t\t\t\t\t\t<\/div>\n\t\t\t\t\t\t\t<div class=\"sow-accordion-close-button\">\n\t\t\t\t\t\t\t\t<span class=\"sow-icon-ionicons\" data-sow-icon=\"&#xf209;\"\n\t\t \n\t\taria-hidden=\"true\"><\/span>\t\t\t\t\t\t\t<\/div>\n\t\t\t\t\t\t<\/div>\n\t\t\t\t\t<\/div>\n\t\t\t\t<\/div>\n\n\t\t\t<div\n\t\t\t\tclass=\"sow-accordion-panel-content\"\n\t\t\t\trole=\"region\"\n\t\t\t\taria-labelledby=\"accordion-label-notre-engagement-la-qualit%c3%a9-et-le-professionnalisme\"\n\t\t\t\tid=\"accordion-content-notre-engagement-la-qualit%c3%a9-et-le-professionnalisme\"\n\t\t\t\tstyle=\"display: none;\"\t\t\t>\n\t\t\t\t<div class=\"sow-accordion-panel-border\">\n\t\t\t\t\t<p>Les diff\u00e9rents services que nous offrons t\u00e9moignent de toute la dimension humaine et des valeurs v\u00e9hicul\u00e9es par l'entreprise dont la chaleur, la compassion et le respect.\u00a0\u00a0Notre but premier est de vous comprendre, vous informer et vous accompagner dans ces moments difficiles.<\/p>\n<p>Au cours des ann\u00e9es, <em><strong>La Maison Mallet et fils<\/strong> <\/em>a d\u00e9velopp\u00e9 une grande ouverture d'esprit et a su adapter ses services aux besoins de ses clients, \u00e0 leurs priorit\u00e9s familiales, \u00e0 leur situation financi\u00e8re et \u00e0 leurs croyances.<\/p>\n<p>Toute personne est libre de personnaliser les fun\u00e9railles.<\/p>\n<p align=\"justify\">Nous nous engageons \u00e0 vous conseiller sur les multiples choix qui ont trait au d\u00e9c\u00e8s, qu'il s'agisse de fun\u00e9railles traditionnelles ou de cr\u00e9mation avec ou sans fun\u00e9railles ou toute autre c\u00e9r\u00e9monie.<\/p>\n<p>\u00c0 votre demande, nous nous occupons de toutes les d\u00e9marches requises lors du d\u00e9c\u00e8s :\u00a0\u00a0paroisse, cimeti\u00e8re, columbarium, go\u00fbter, publication d'avis de d\u00e9c\u00e8s, cartes avec ou sans photo pour distribuer aux fun\u00e9railles, etc.<\/p>\n<p>Dans chacun de nos salons, nous avons des cartes de don de diff\u00e9rents organismes, cartes de sympathies et offrande de messes.<\/p>\n<p>Nous faisons \u00e9galement la vente de cartes de remerciements et la vente de monuments fun\u00e9raires ou de pierres tombales.<\/p>\n<p>Nous vous assistons pour tous les documents que vous aurez \u00e0 traiter ; d\u00e9claration de d\u00e9c\u00e8s au directeur de l'\u00c9tat civil, r\u00e9gie des rentes, assurance maladie, assurance sociale, etc.<\/p>\n<p>Notre \u00e9quipe veut vous offrir les meilleurs services professionnels qui soient, selon vos volont\u00e9s et au moment o\u00f9 vous en aurez besoin.<\/p>\n\t\t\t\t<\/div>\n\t\t\t<\/div>\n\t\t<\/div>\n\t\t<\/div>\n<\/div>\n<\/div><\/div><\/div><\/div><div id=\"pgc-67512-2-1\"  class=\"panel-grid-cell\" ><div class=\"panel-cell-style panel-cell-style-for-67512-2-1\" ><div id=\"panel-67512-2-1-0\" class=\"so-panel widget widget_sow-image panel-first-child\" data-index=\"3\" ><div class=\"panel-widget-style panel-widget-style-for-67512-2-1-0\" ><div\n\t\t\t\n\t\t\tclass=\"so-widget-sow-image so-widget-sow-image-default-8b5b6f678277-67512\"\n\t\t\t\n\t\t>\n<div class=\"sow-image-container\">\n\t\t<img \n\tsrc=\"https:\/\/maisonmallet.com\/wp-content\/uploads\/2016\/10\/maison_mallet_19851.jpg\" title=\"\u00c0 propos de nous\" alt=\"\" \t\tclass=\"so-widget-image\"\/>\n\t<\/div>\n\n<\/div><\/div><\/div><div id=\"panel-67512-2-1-1\" class=\"so-panel widget widget_sow-image\" data-index=\"4\" ><div class=\"panel-widget-style panel-widget-style-for-67512-2-1-1\" ><div\n\t\t\t\n\t\t\tclass=\"so-widget-sow-image so-widget-sow-image-default-8b5b6f678277-67512\"\n\t\t\t\n\t\t>\n<div class=\"sow-image-container\">\n\t\t<img \n\tsrc=\"https:\/\/maisonmallet.com\/wp-content\/uploads\/2016\/10\/maison_mallet_19721.jpg\" title=\"\u00c0 propos de nous\" alt=\"\" \t\tclass=\"so-widget-image\"\/>\n\t<\/div>\n\n<\/div><\/div><\/div><div id=\"panel-67512-2-1-2\" class=\"so-panel widget widget_sow-image panel-last-child\" data-index=\"5\" ><div class=\"panel-widget-style panel-widget-style-for-67512-2-1-2\" ><div\n\t\t\t\n\t\t\tclass=\"so-widget-sow-image so-widget-sow-image-default-8b5b6f678277-67512\"\n\t\t\t\n\t\t>\n<div class=\"sow-image-container\">\n\t\t<img \n\tsrc=\"https:\/\/maisonmallet.com\/wp-content\/uploads\/2016\/10\/Marc_et_Edgar1.jpg\" title=\"\u00c0 propos de nous\" alt=\"\" \t\tclass=\"so-widget-image\"\/>\n\t<\/div>\n\n<\/div><\/div><\/div><\/div><\/div><\/div><\/div>","protected":false},"excerpt":{"rendered":"<p>Une famille \u00e0 l&rsquo;\u00e9coute des familles depuis plus de 55 ans<\/p>\n","protected":false},"author":5,"featured_media":0,"parent":0,"menu_order":0,"comment_status":"closed","ping_status":"closed","template":"","meta":{"footnotes":""},"class_list":["post-67512","page","type-page","status-publish","hentry"],"jetpack_sharing_enabled":true,"jetpack_shortlink":"https:\/\/wp.me\/P83m3r-hyU","_links":{"self":[{"href":"https:\/\/maisonmallet.com\/index.php?rest_route=\/wp\/v2\/pages\/67512","targetHints":{"allow":["GET"]}}],"collection":[{"href":"https:\/\/maisonmallet.com\/index.php?rest_route=\/wp\/v2\/pages"}],"about":[{"href":"https:\/\/maisonmallet.com\/index.php?rest_route=\/wp\/v2\/types\/page"}],"author":[{"embeddable":true,"href":"https:\/\/maisonmallet.com\/index.php?rest_route=\/wp\/v2\/users\/5"}],"replies":[{"embeddable":true,"href":"https:\/\/maisonmallet.com\/index.php?rest_route=%2Fwp%2Fv2%2Fcomments&post=67512"}],"version-history":[{"count":48,"href":"https:\/\/maisonmallet.com\/index.php?rest_route=\/wp\/v2\/pages\/67512\/revisions"}],"predecessor-version":[{"id":67560,"href":"https:\/\/maisonmallet.com\/index.php?rest_route=\/wp\/v2\/pages\/67512\/revisions\/67560"}],"wp:attachment":[{"href":"https:\/\/maisonmallet.com\/index.php?rest_route=%2Fwp%2Fv2%2Fmedia&parent=67512"}],"curies":[{"name":"wp","href":"https:\/\/api.w.org\/{rel}","templated":true}]}}