{"id":67604,"date":"2025-08-26T13:54:12","date_gmt":"2025-08-26T17:54:12","guid":{"rendered":"https:\/\/maisonmallet.com\/?page_id=67604"},"modified":"2025-08-26T13:54:12","modified_gmt":"2025-08-26T17:54:12","slug":"incineration-ou-cremation","status":"publish","type":"page","link":"https:\/\/maisonmallet.com\/?page_id=67604","title":{"rendered":"Incin\u00e9ration ou cr\u00e9mation"},"content":{"rendered":"<div id=\"pl-67604\"  class=\"panel-layout\" ><div id=\"pg-67604-0\"  class=\"panel-grid panel-no-style\" ><div id=\"pgc-67604-0-0\"  class=\"panel-grid-cell\" ><div class=\"panel-cell-style panel-cell-style-for-67604-0-0\" ><div id=\"panel-67604-0-0-0\" class=\"so-panel widget widget_sow-editor panel-first-child\" data-index=\"0\" ><div class=\"panel-widget-style panel-widget-style-for-67604-0-0-0\" ><div\n\t\t\t\n\t\t\tclass=\"so-widget-sow-editor so-widget-sow-editor-base\"\n\t\t\t\n\t\t>\n<div class=\"siteorigin-widget-tinymce textwidget\">\n\t<p><img loading=\"lazy\" decoding=\"async\" class=\"alignnone size-medium wp-image-1776\" src=\"https:\/\/maisonmallet.com\/wp-content\/uploads\/2016\/10\/car1-1100x250.jpg\" alt=\"car3\" width=\"1100\" height=\"250\" \/><\/p>\n<\/div>\n<\/div><\/div><\/div><div id=\"panel-67604-0-0-1\" class=\"so-panel widget widget_sow-editor panel-last-child\" data-index=\"1\" ><div\n\t\t\t\n\t\t\tclass=\"so-widget-sow-editor so-widget-sow-editor-base\"\n\t\t\t\n\t\t>\n<div class=\"siteorigin-widget-tinymce textwidget\">\n\t<p>Pour r\u00e9pondre \u00e0 un besoin de plus en plus grandissant, <em><strong>La Maison Mallet et Fils<\/strong> <\/em>et <em>L<strong>a Maison L.J.G. Mallet\u00a0<\/strong><\/em>peuvent proc\u00e9der \u00e0 l'incin\u00e9ration selon la volont\u00e9 des gens. L'incin\u00e9ration a lieu aussit\u00f4t la lib\u00e9ration du corps ou apr\u00e8s l'exposition dans nos salons.<\/p>\n<p align=\"left\">Que la c\u00e9r\u00e9monie ait lieu \u00e0 l'\u00c9glise ou \u00e0 tout autre endroit selon votre convenance, la cr\u00e9mation n'occasionne aucun d\u00e9lai qui obligerait \u00e0 reporter \u00e0 une date ult\u00e9rieure la journ\u00e9e des fun\u00e9railles ou de la c\u00e9r\u00e9monie.<\/p>\n<p align=\"left\">L'incin\u00e9ration est de plus en plus r\u00e9pandue comme mode de disposition du corps.\u00a0\u00a0Les cendres sont dispos\u00e9es dans une urne cin\u00e9raire, qui sera inhum\u00e9e dans un columbarium ou au cimeti\u00e8re de votre choix et, m\u00eame encore, selon vos volont\u00e9s.<\/p>\n<p align=\"left\">L'arriv\u00e9e du Porte-urne dans le domaine fun\u00e9raire \u00e9largit la gamme de services que l'entreprise offre aux familles.\u00a0 Les gens appr\u00e9cient, ils aiment ce concept, c'est beau, nouveau, professionnel et respectueux.\u00a0 Ils nous disent que dans les d\u00e9placements, soit \u00e0 l'\u00c9glise ou au cimeti\u00e8re, ils ont le sentiment que l'urne rev\u00eat toute son importance, que c'est plus qu'un contenant d\u00e9pos\u00e9 sur le si\u00e8ge d'une auto. Ils ont vraiment le sentiment d'\u00eatre \u00e0 la suite d'un \u00eatre cher.<\/p>\n<h2 align=\"left\">Questions fr\u00e9quemment pos\u00e9es :<\/h2>\n<p><strong>Existe-t-il des objections religieuses \u00e0 la cr\u00e9mation?<\/strong><strong>\u00a0<\/strong><\/p>\n<p>Dans la Bible, il n'y a aucune loi sp\u00e9cifique quant au genre de s\u00e9pulture.\u00a0\u00a0Quelques d\u00e9nominations religieuses croient \u00e0 la cr\u00e9mation comme ayant \u00e9t\u00e9 une pratique courante dans l'Antiquit\u00e9.\u00a0\u00a0En Am\u00e9rique du Nord, elle est g\u00e9n\u00e9ralement accept\u00e9e par toutes les croyances religieuses.<\/p>\n<p>&nbsp;<\/p>\n<p><strong>\u00c0 la suite\u00a0d'une cr\u00e9mation, les fragments d'os humain (cendres) peuvent-ils \u00eatre dispos\u00e9s de fa\u00e7ons diff\u00e9rentes?<\/strong><\/p>\n<p>Actuellement, cette pratique n'existe pas ou tr\u00e8s peu, d\u00fb au respect vou\u00e9 au d\u00e9funt.\u00a0\u00a0Cependant, il y a des religions o\u00f9 l'incin\u00e9ration est ill\u00e9gale.\u00a0\u00a0Concernant les lois, le gouvernement n'a toujours pas l\u00e9gif\u00e9r\u00e9 sur le sujet.\u00a0\u00a0Donc, les cendres peuvent \u00eatre dispers\u00e9es, selon les volont\u00e9s du d\u00e9funt.<\/p>\n<\/div>\n<\/div><\/div><\/div><\/div><\/div><\/div>","protected":false},"excerpt":{"rendered":"<p>Pour r\u00e9pondre \u00e0 un besoin de plus en plus grandissant, La Maison Mallet et Fils et La Maison L.J.G. Mallet\u00a0peuvent proc\u00e9der \u00e0 l&rsquo;incin\u00e9ration selon la volont\u00e9 des gens. L&rsquo;incin\u00e9ration a lieu aussit\u00f4t la lib\u00e9ration du corps ou apr\u00e8s l&rsquo;exposition dans nos salons. Que la c\u00e9r\u00e9monie ait lieu \u00e0 l&rsquo;\u00c9glise ou \u00e0 tout autre endroit selon votre convenance, la cr\u00e9mation n&rsquo;occasionne aucun d\u00e9lai qui obligerait \u00e0 reporter \u00e0 une date ult\u00e9rieure la journ\u00e9e des fun\u00e9railles ou de la c\u00e9r\u00e9monie. L&rsquo;incin\u00e9ration est de plus en plus r\u00e9pandue comme mode de disposition du corps.\u00a0\u00a0Les cendres sont dispos\u00e9es dans une urne cin\u00e9raire, qui sera [&hellip;]<\/p>\n","protected":false},"author":5,"featured_media":0,"parent":0,"menu_order":0,"comment_status":"closed","ping_status":"closed","template":"","meta":{"footnotes":""},"class_list":["post-67604","page","type-page","status-publish","hentry"],"jetpack_sharing_enabled":true,"jetpack_shortlink":"https:\/\/wp.me\/P83m3r-hAo","_links":{"self":[{"href":"https:\/\/maisonmallet.com\/index.php?rest_route=\/wp\/v2\/pages\/67604","targetHints":{"allow":["GET"]}}],"collection":[{"href":"https:\/\/maisonmallet.com\/index.php?rest_route=\/wp\/v2\/pages"}],"about":[{"href":"https:\/\/maisonmallet.com\/index.php?rest_route=\/wp\/v2\/types\/page"}],"author":[{"embeddable":true,"href":"https:\/\/maisonmallet.com\/index.php?rest_route=\/wp\/v2\/users\/5"}],"replies":[{"embeddable":true,"href":"https:\/\/maisonmallet.com\/index.php?rest_route=%2Fwp%2Fv2%2Fcomments&post=67604"}],"version-history":[{"count":6,"href":"https:\/\/maisonmallet.com\/index.php?rest_route=\/wp\/v2\/pages\/67604\/revisions"}],"predecessor-version":[{"id":67610,"href":"https:\/\/maisonmallet.com\/index.php?rest_route=\/wp\/v2\/pages\/67604\/revisions\/67610"}],"wp:attachment":[{"href":"https:\/\/maisonmallet.com\/index.php?rest_route=%2Fwp%2Fv2%2Fmedia&parent=67604"}],"curies":[{"name":"wp","href":"https:\/\/api.w.org\/{rel}","templated":true}]}}